{"id":75497,"date":"2026-04-28T19:45:29","date_gmt":"2026-04-29T01:45:29","guid":{"rendered":"https:\/\/www.porlalibreedomex.com\/wp-content\/uploads\/2026\/04\/Diputada-Monica-Alvarez-Nemer-ahora-preside-50-mas-1-Capitulo-Estado-de-Mexico.jpg"},"modified":"2026-04-28T20:01:46","modified_gmt":"2026-04-29T02:01:46","slug":"diputada-monica-alvarez-nemer-ahora-preside-50-mas-1-capitulo-estado-de-mexico","status":"inherit","type":"attachment","link":"https:\/\/www.porlalibreedomex.com\/?attachment_id=75497","title":{"rendered":"Diputada M\u00f3nica \u00c1lvarez Nemer, ahora preside 50 m\u00e1s 1 Cap\u00edtulo Estado de M\u00e9xico"},"author":3,"featured_media":0,"comment_status":"closed","ping_status":"closed","template":"","meta":[],"class_list":["post-75497","attachment","type-attachment","status-inherit"],"description":{"rendered":"<p class=\"attachment\"><a href='https:\/\/www.porlalibreedomex.com\/wp-content\/uploads\/2026\/04\/Diputada-Monica-Alvarez-Nemer-ahora-preside-50-mas-1-Capitulo-Estado-de-Mexico-scaled.jpg'><img loading=\"lazy\" decoding=\"async\" width=\"300\" height=\"225\" src=\"https:\/\/www.porlalibreedomex.com\/wp-content\/uploads\/2026\/04\/Diputada-Monica-Alvarez-Nemer-ahora-preside-50-mas-1-Capitulo-Estado-de-Mexico-300x225.jpg\" class=\"attachment-medium size-medium\" alt=\"\" srcset=\"https:\/\/www.porlalibreedomex.com\/wp-content\/uploads\/2026\/04\/Diputada-Monica-Alvarez-Nemer-ahora-preside-50-mas-1-Capitulo-Estado-de-Mexico-300x225.jpg 300w, https:\/\/www.porlalibreedomex.com\/wp-content\/uploads\/2026\/04\/Diputada-Monica-Alvarez-Nemer-ahora-preside-50-mas-1-Capitulo-Estado-de-Mexico-1024x768.jpg 1024w, https:\/\/www.porlalibreedomex.com\/wp-content\/uploads\/2026\/04\/Diputada-Monica-Alvarez-Nemer-ahora-preside-50-mas-1-Capitulo-Estado-de-Mexico-768x576.jpg 768w, https:\/\/www.porlalibreedomex.com\/wp-content\/uploads\/2026\/04\/Diputada-Monica-Alvarez-Nemer-ahora-preside-50-mas-1-Capitulo-Estado-de-Mexico-1536x1152.jpg 1536w, https:\/\/www.porlalibreedomex.com\/wp-content\/uploads\/2026\/04\/Diputada-Monica-Alvarez-Nemer-ahora-preside-50-mas-1-Capitulo-Estado-de-Mexico-2048x1536.jpg 2048w, https:\/\/www.porlalibreedomex.com\/wp-content\/uploads\/2026\/04\/Diputada-Monica-Alvarez-Nemer-ahora-preside-50-mas-1-Capitulo-Estado-de-Mexico-696x522.jpg 696w, https:\/\/www.porlalibreedomex.com\/wp-content\/uploads\/2026\/04\/Diputada-Monica-Alvarez-Nemer-ahora-preside-50-mas-1-Capitulo-Estado-de-Mexico-1068x801.jpg 1068w, https:\/\/www.porlalibreedomex.com\/wp-content\/uploads\/2026\/04\/Diputada-Monica-Alvarez-Nemer-ahora-preside-50-mas-1-Capitulo-Estado-de-Mexico-560x420.jpg 560w, https:\/\/www.porlalibreedomex.com\/wp-content\/uploads\/2026\/04\/Diputada-Monica-Alvarez-Nemer-ahora-preside-50-mas-1-Capitulo-Estado-de-Mexico-80x60.jpg 80w, https:\/\/www.porlalibreedomex.com\/wp-content\/uploads\/2026\/04\/Diputada-Monica-Alvarez-Nemer-ahora-preside-50-mas-1-Capitulo-Estado-de-Mexico-265x198.jpg 265w\" sizes=\"auto, (max-width: 300px) 100vw, 300px\" \/><\/a><\/p>\n"},"caption":{"rendered":"<p>Diputada M\u00f3nica \u00c1lvarez Nemer, ahora preside 50 m\u00e1s 1 Cap\u00edtulo Estado de M\u00e9xico<\/p>\n"},"alt_text":"","media_type":"image","mime_type":"image\/jpeg","media_details":{"width":2560,"height":1920,"file":"2026\/04\/Diputada-Monica-Alvarez-Nemer-ahora-preside-50-mas-1-Capitulo-Estado-de-Mexico-scaled.jpg","filesize":518275,"sizes":{"medium":{"file":"Diputada-Monica-Alvarez-Nemer-ahora-preside-50-mas-1-Capitulo-Estado-de-Mexico-300x225.jpg","width":300,"height":225,"filesize":30188,"mime_type":"image\/jpeg","source_url":"https:\/\/www.porlalibreedomex.com\/wp-content\/uploads\/2026\/04\/Diputada-Monica-Alvarez-Nemer-ahora-preside-50-mas-1-Capitulo-Estado-de-Mexico-300x225.jpg"},"large":{"file":"Diputada-Monica-Alvarez-Nemer-ahora-preside-50-mas-1-Capitulo-Estado-de-Mexico-1024x768.jpg","width":1024,"height":768,"filesize":112136,"mime_type":"image\/jpeg","source_url":"https:\/\/www.porlalibreedomex.com\/wp-content\/uploads\/2026\/04\/Diputada-Monica-Alvarez-Nemer-ahora-preside-50-mas-1-Capitulo-Estado-de-Mexico-1024x768.jpg"},"thumbnail":{"file":"Diputada-Monica-Alvarez-Nemer-ahora-preside-50-mas-1-Capitulo-Estado-de-Mexico-150x150.jpg","width":150,"height":150,"filesize":23683,"mime_type":"image\/jpeg","source_url":"https:\/\/www.porlalibreedomex.com\/wp-content\/uploads\/2026\/04\/Diputada-Monica-Alvarez-Nemer-ahora-preside-50-mas-1-Capitulo-Estado-de-Mexico-150x150.jpg"},"medium_large":{"file":"Diputada-Monica-Alvarez-Nemer-ahora-preside-50-mas-1-Capitulo-Estado-de-Mexico-768x576.jpg","width":768,"height":576,"filesize":74208,"mime_type":"image\/jpeg","source_url":"https:\/\/www.porlalibreedomex.com\/wp-content\/uploads\/2026\/04\/Diputada-Monica-Alvarez-Nemer-ahora-preside-50-mas-1-Capitulo-Estado-de-Mexico-768x576.jpg"},"1536x1536":{"file":"Diputada-Monica-Alvarez-Nemer-ahora-preside-50-mas-1-Capitulo-Estado-de-Mexico-1536x1152.jpg","width":1536,"height":1152,"filesize":212907,"mime_type":"image\/jpeg","source_url":"https:\/\/www.porlalibreedomex.com\/wp-content\/uploads\/2026\/04\/Diputada-Monica-Alvarez-Nemer-ahora-preside-50-mas-1-Capitulo-Estado-de-Mexico-1536x1152.jpg"},"2048x2048":{"file":"Diputada-Monica-Alvarez-Nemer-ahora-preside-50-mas-1-Capitulo-Estado-de-Mexico-2048x1536.jpg","width":2048,"height":1536,"filesize":350016,"mime_type":"image\/jpeg","source_url":"https:\/\/www.porlalibreedomex.com\/wp-content\/uploads\/2026\/04\/Diputada-Monica-Alvarez-Nemer-ahora-preside-50-mas-1-Capitulo-Estado-de-Mexico-2048x1536.jpg"},"td_218x150":{"file":"Diputada-Monica-Alvarez-Nemer-ahora-preside-50-mas-1-Capitulo-Estado-de-Mexico-218x150.jpg","width":218,"height":150,"filesize":25111,"mime_type":"image\/jpeg","source_url":"https:\/\/www.porlalibreedomex.com\/wp-content\/uploads\/2026\/04\/Diputada-Monica-Alvarez-Nemer-ahora-preside-50-mas-1-Capitulo-Estado-de-Mexico-218x150.jpg"},"td_324x400":{"file":"Diputada-Monica-Alvarez-Nemer-ahora-preside-50-mas-1-Capitulo-Estado-de-Mexico-324x400.jpg","width":324,"height":400,"filesize":37553,"mime_type":"image\/jpeg","source_url":"https:\/\/www.porlalibreedomex.com\/wp-content\/uploads\/2026\/04\/Diputada-Monica-Alvarez-Nemer-ahora-preside-50-mas-1-Capitulo-Estado-de-Mexico-324x400.jpg"},"td_696x0":{"file":"Diputada-Monica-Alvarez-Nemer-ahora-preside-50-mas-1-Capitulo-Estado-de-Mexico-696x522.jpg","width":696,"height":522,"filesize":66148,"mime_type":"image\/jpeg","source_url":"https:\/\/www.porlalibreedomex.com\/wp-content\/uploads\/2026\/04\/Diputada-Monica-Alvarez-Nemer-ahora-preside-50-mas-1-Capitulo-Estado-de-Mexico-696x522.jpg"},"td_1068x0":{"file":"Diputada-Monica-Alvarez-Nemer-ahora-preside-50-mas-1-Capitulo-Estado-de-Mexico-1068x801.jpg","width":1068,"height":801,"filesize":119591,"mime_type":"image\/jpeg","source_url":"https:\/\/www.porlalibreedomex.com\/wp-content\/uploads\/2026\/04\/Diputada-Monica-Alvarez-Nemer-ahora-preside-50-mas-1-Capitulo-Estado-de-Mexico-1068x801.jpg"},"td_0x420":{"file":"Diputada-Monica-Alvarez-Nemer-ahora-preside-50-mas-1-Capitulo-Estado-de-Mexico-560x420.jpg","width":560,"height":420,"filesize":51025,"mime_type":"image\/jpeg","source_url":"https:\/\/www.porlalibreedomex.com\/wp-content\/uploads\/2026\/04\/Diputada-Monica-Alvarez-Nemer-ahora-preside-50-mas-1-Capitulo-Estado-de-Mexico-560x420.jpg"},"td_80x60":{"file":"Diputada-Monica-Alvarez-Nemer-ahora-preside-50-mas-1-Capitulo-Estado-de-Mexico-80x60.jpg","width":80,"height":60,"filesize":20521,"mime_type":"image\/jpeg","source_url":"https:\/\/www.porlalibreedomex.com\/wp-content\/uploads\/2026\/04\/Diputada-Monica-Alvarez-Nemer-ahora-preside-50-mas-1-Capitulo-Estado-de-Mexico-80x60.jpg"},"td_100x70":{"file":"Diputada-Monica-Alvarez-Nemer-ahora-preside-50-mas-1-Capitulo-Estado-de-Mexico-100x70.jpg","width":100,"height":70,"filesize":20945,"mime_type":"image\/jpeg","source_url":"https:\/\/www.porlalibreedomex.com\/wp-content\/uploads\/2026\/04\/Diputada-Monica-Alvarez-Nemer-ahora-preside-50-mas-1-Capitulo-Estado-de-Mexico-100x70.jpg"},"td_265x198":{"file":"Diputada-Monica-Alvarez-Nemer-ahora-preside-50-mas-1-Capitulo-Estado-de-Mexico-265x198.jpg","width":265,"height":198,"filesize":28129,"mime_type":"image\/jpeg","source_url":"https:\/\/www.porlalibreedomex.com\/wp-content\/uploads\/2026\/04\/Diputada-Monica-Alvarez-Nemer-ahora-preside-50-mas-1-Capitulo-Estado-de-Mexico-265x198.jpg"},"td_324x160":{"file":"Diputada-Monica-Alvarez-Nemer-ahora-preside-50-mas-1-Capitulo-Estado-de-Mexico-324x160.jpg","width":324,"height":160,"filesize":26712,"mime_type":"image\/jpeg","source_url":"https:\/\/www.porlalibreedomex.com\/wp-content\/uploads\/2026\/04\/Diputada-Monica-Alvarez-Nemer-ahora-preside-50-mas-1-Capitulo-Estado-de-Mexico-324x160.jpg"},"td_324x235":{"file":"Diputada-Monica-Alvarez-Nemer-ahora-preside-50-mas-1-Capitulo-Estado-de-Mexico-324x235.jpg","width":324,"height":235,"filesize":31208,"mime_type":"image\/jpeg","source_url":"https:\/\/www.porlalibreedomex.com\/wp-content\/uploads\/2026\/04\/Diputada-Monica-Alvarez-Nemer-ahora-preside-50-mas-1-Capitulo-Estado-de-Mexico-324x235.jpg"},"td_356x220":{"file":"Diputada-Monica-Alvarez-Nemer-ahora-preside-50-mas-1-Capitulo-Estado-de-Mexico-356x220.jpg","width":356,"height":220,"filesize":31072,"mime_type":"image\/jpeg","source_url":"https:\/\/www.porlalibreedomex.com\/wp-content\/uploads\/2026\/04\/Diputada-Monica-Alvarez-Nemer-ahora-preside-50-mas-1-Capitulo-Estado-de-Mexico-356x220.jpg"},"td_356x364":{"file":"Diputada-Monica-Alvarez-Nemer-ahora-preside-50-mas-1-Capitulo-Estado-de-Mexico-356x364.jpg","width":356,"height":364,"filesize":38233,"mime_type":"image\/jpeg","source_url":"https:\/\/www.porlalibreedomex.com\/wp-content\/uploads\/2026\/04\/Diputada-Monica-Alvarez-Nemer-ahora-preside-50-mas-1-Capitulo-Estado-de-Mexico-356x364.jpg"},"td_533x261":{"file":"Diputada-Monica-Alvarez-Nemer-ahora-preside-50-mas-1-Capitulo-Estado-de-Mexico-533x261.jpg","width":533,"height":261,"filesize":37732,"mime_type":"image\/jpeg","source_url":"https:\/\/www.porlalibreedomex.com\/wp-content\/uploads\/2026\/04\/Diputada-Monica-Alvarez-Nemer-ahora-preside-50-mas-1-Capitulo-Estado-de-Mexico-533x261.jpg"},"td_534x462":{"file":"Diputada-Monica-Alvarez-Nemer-ahora-preside-50-mas-1-Capitulo-Estado-de-Mexico-534x462.jpg","width":534,"height":462,"filesize":52429,"mime_type":"image\/jpeg","source_url":"https:\/\/www.porlalibreedomex.com\/wp-content\/uploads\/2026\/04\/Diputada-Monica-Alvarez-Nemer-ahora-preside-50-mas-1-Capitulo-Estado-de-Mexico-534x462.jpg"},"td_696x385":{"file":"Diputada-Monica-Alvarez-Nemer-ahora-preside-50-mas-1-Capitulo-Estado-de-Mexico-696x385.jpg","width":696,"height":385,"filesize":54033,"mime_type":"image\/jpeg","source_url":"https:\/\/www.porlalibreedomex.com\/wp-content\/uploads\/2026\/04\/Diputada-Monica-Alvarez-Nemer-ahora-preside-50-mas-1-Capitulo-Estado-de-Mexico-696x385.jpg"},"td_741x486":{"file":"Diputada-Monica-Alvarez-Nemer-ahora-preside-50-mas-1-Capitulo-Estado-de-Mexico-741x486.jpg","width":741,"height":486,"filesize":65082,"mime_type":"image\/jpeg","source_url":"https:\/\/www.porlalibreedomex.com\/wp-content\/uploads\/2026\/04\/Diputada-Monica-Alvarez-Nemer-ahora-preside-50-mas-1-Capitulo-Estado-de-Mexico-741x486.jpg"},"td_1068x580":{"file":"Diputada-Monica-Alvarez-Nemer-ahora-preside-50-mas-1-Capitulo-Estado-de-Mexico-1068x580.jpg","width":1068,"height":580,"filesize":94401,"mime_type":"image\/jpeg","source_url":"https:\/\/www.porlalibreedomex.com\/wp-content\/uploads\/2026\/04\/Diputada-Monica-Alvarez-Nemer-ahora-preside-50-mas-1-Capitulo-Estado-de-Mexico-1068x580.jpg"},"full":{"file":"Diputada-Monica-Alvarez-Nemer-ahora-preside-50-mas-1-Capitulo-Estado-de-Mexico-scaled.jpg","width":2560,"height":1920,"mime_type":"image\/jpeg","source_url":"https:\/\/www.porlalibreedomex.com\/wp-content\/uploads\/2026\/04\/Diputada-Monica-Alvarez-Nemer-ahora-preside-50-mas-1-Capitulo-Estado-de-Mexico-scaled.jpg"}},"image_meta":{"aperture":"1.79","credit":"","camera":"M2010J19CG","caption":"","created_timestamp":"1777125481","copyright":"","focal_length":"4.71","iso":"198","shutter_speed":"0.0083333333333333","title":"","orientation":"0","keywords":[]},"original_image":"Diputada-Monica-Alvarez-Nemer-ahora-preside-50-mas-1-Capitulo-Estado-de-Mexico.jpg"},"post":75494,"source_url":"https:\/\/www.porlalibreedomex.com\/wp-content\/uploads\/2026\/04\/Diputada-Monica-Alvarez-Nemer-ahora-preside-50-mas-1-Capitulo-Estado-de-Mexico-scaled.jpg","_links":{"self":[{"href":"https:\/\/www.porlalibreedomex.com\/index.php?rest_route=\/wp\/v2\/media\/75497","targetHints":{"allow":["GET"]}}],"collection":[{"href":"https:\/\/www.porlalibreedomex.com\/index.php?rest_route=\/wp\/v2\/media"}],"about":[{"href":"https:\/\/www.porlalibreedomex.com\/index.php?rest_route=\/wp\/v2\/types\/attachment"}],"author":[{"embeddable":true,"href":"https:\/\/www.porlalibreedomex.com\/index.php?rest_route=\/wp\/v2\/users\/3"}],"replies":[{"embeddable":true,"href":"https:\/\/www.porlalibreedomex.com\/index.php?rest_route=%2Fwp%2Fv2%2Fcomments&post=75497"}],"wp:attached-to":[{"embeddable":true,"post_type":"post","id":75494,"href":"https:\/\/www.porlalibreedomex.com\/index.php?rest_route=\/wp\/v2\/posts\/75494"}],"curies":[{"name":"wp","href":"https:\/\/api.w.org\/{rel}","templated":true}]}}

Diputada Mónica Álvarez Nemer, ahora preside 50 más 1 Capítulo Estado de México

<p>Diputada Mónica Álvarez Nemer, ahora preside 50 más 1 Capítulo Estado de México</p>
