{"id":74153,"date":"2025-10-27T03:02:11","date_gmt":"2025-10-27T09:02:11","guid":{"rendered":"https:\/\/www.porlalibreedomex.com\/wp-content\/uploads\/2025\/10\/Fernando-Flores-Fernandez-cubre-el-pago-de-danos-por-baches-a-vehiculos-de-metepequenses.jpeg"},"modified":"2025-10-27T03:02:11","modified_gmt":"2025-10-27T09:02:11","slug":"fernando-flores-fernandez-cubre-el-pago-de-danos-por-baches-a-vehiculos-de-metepequenses","status":"inherit","type":"attachment","link":"https:\/\/www.porlalibreedomex.com\/?attachment_id=74153","title":{"rendered":"Fernando Flores Fern\u00e1ndez cubre el pago de da\u00f1os por baches a veh\u00edculos de metepequenses."},"author":3,"featured_media":0,"comment_status":"","ping_status":"closed","template":"","meta":[],"class_list":["post-74153","attachment","type-attachment","status-inherit"],"description":{"rendered":"<p class=\"attachment\"><a href='https:\/\/www.porlalibreedomex.com\/wp-content\/uploads\/2025\/10\/Fernando-Flores-Fernandez-cubre-el-pago-de-danos-por-baches-a-vehiculos-de-metepequenses-scaled.jpeg'><img loading=\"lazy\" decoding=\"async\" width=\"300\" height=\"200\" src=\"https:\/\/www.porlalibreedomex.com\/wp-content\/uploads\/2025\/10\/Fernando-Flores-Fernandez-cubre-el-pago-de-danos-por-baches-a-vehiculos-de-metepequenses-300x200.jpeg\" class=\"attachment-medium size-medium\" alt=\"\" srcset=\"https:\/\/www.porlalibreedomex.com\/wp-content\/uploads\/2025\/10\/Fernando-Flores-Fernandez-cubre-el-pago-de-danos-por-baches-a-vehiculos-de-metepequenses-300x200.jpeg 300w, https:\/\/www.porlalibreedomex.com\/wp-content\/uploads\/2025\/10\/Fernando-Flores-Fernandez-cubre-el-pago-de-danos-por-baches-a-vehiculos-de-metepequenses-1024x683.jpeg 1024w, https:\/\/www.porlalibreedomex.com\/wp-content\/uploads\/2025\/10\/Fernando-Flores-Fernandez-cubre-el-pago-de-danos-por-baches-a-vehiculos-de-metepequenses-768x512.jpeg 768w, https:\/\/www.porlalibreedomex.com\/wp-content\/uploads\/2025\/10\/Fernando-Flores-Fernandez-cubre-el-pago-de-danos-por-baches-a-vehiculos-de-metepequenses-1536x1024.jpeg 1536w, https:\/\/www.porlalibreedomex.com\/wp-content\/uploads\/2025\/10\/Fernando-Flores-Fernandez-cubre-el-pago-de-danos-por-baches-a-vehiculos-de-metepequenses-2048x1365.jpeg 2048w, https:\/\/www.porlalibreedomex.com\/wp-content\/uploads\/2025\/10\/Fernando-Flores-Fernandez-cubre-el-pago-de-danos-por-baches-a-vehiculos-de-metepequenses-696x464.jpeg 696w, https:\/\/www.porlalibreedomex.com\/wp-content\/uploads\/2025\/10\/Fernando-Flores-Fernandez-cubre-el-pago-de-danos-por-baches-a-vehiculos-de-metepequenses-1068x712.jpeg 1068w, https:\/\/www.porlalibreedomex.com\/wp-content\/uploads\/2025\/10\/Fernando-Flores-Fernandez-cubre-el-pago-de-danos-por-baches-a-vehiculos-de-metepequenses-630x420.jpeg 630w\" sizes=\"auto, (max-width: 300px) 100vw, 300px\" \/><\/a><\/p>\n"},"caption":{"rendered":""},"alt_text":"","media_type":"image","mime_type":"image\/jpeg","media_details":{"width":2560,"height":1707,"file":"2025\/10\/Fernando-Flores-Fernandez-cubre-el-pago-de-danos-por-baches-a-vehiculos-de-metepequenses-scaled.jpeg","filesize":393836,"sizes":{"medium":{"file":"Fernando-Flores-Fernandez-cubre-el-pago-de-danos-por-baches-a-vehiculos-de-metepequenses-300x200.jpeg","width":300,"height":200,"filesize":14443,"mime_type":"image\/jpeg","source_url":"https:\/\/www.porlalibreedomex.com\/wp-content\/uploads\/2025\/10\/Fernando-Flores-Fernandez-cubre-el-pago-de-danos-por-baches-a-vehiculos-de-metepequenses-300x200.jpeg"},"large":{"file":"Fernando-Flores-Fernandez-cubre-el-pago-de-danos-por-baches-a-vehiculos-de-metepequenses-1024x683.jpeg","width":1024,"height":683,"filesize":97157,"mime_type":"image\/jpeg","source_url":"https:\/\/www.porlalibreedomex.com\/wp-content\/uploads\/2025\/10\/Fernando-Flores-Fernandez-cubre-el-pago-de-danos-por-baches-a-vehiculos-de-metepequenses-1024x683.jpeg"},"thumbnail":{"file":"Fernando-Flores-Fernandez-cubre-el-pago-de-danos-por-baches-a-vehiculos-de-metepequenses-150x150.jpeg","width":150,"height":150,"filesize":6871,"mime_type":"image\/jpeg","source_url":"https:\/\/www.porlalibreedomex.com\/wp-content\/uploads\/2025\/10\/Fernando-Flores-Fernandez-cubre-el-pago-de-danos-por-baches-a-vehiculos-de-metepequenses-150x150.jpeg"},"medium_large":{"file":"Fernando-Flores-Fernandez-cubre-el-pago-de-danos-por-baches-a-vehiculos-de-metepequenses-768x512.jpeg","width":768,"height":512,"filesize":62453,"mime_type":"image\/jpeg","source_url":"https:\/\/www.porlalibreedomex.com\/wp-content\/uploads\/2025\/10\/Fernando-Flores-Fernandez-cubre-el-pago-de-danos-por-baches-a-vehiculos-de-metepequenses-768x512.jpeg"},"1536x1536":{"file":"Fernando-Flores-Fernandez-cubre-el-pago-de-danos-por-baches-a-vehiculos-de-metepequenses-1536x1024.jpeg","width":1536,"height":1024,"filesize":179392,"mime_type":"image\/jpeg","source_url":"https:\/\/www.porlalibreedomex.com\/wp-content\/uploads\/2025\/10\/Fernando-Flores-Fernandez-cubre-el-pago-de-danos-por-baches-a-vehiculos-de-metepequenses-1536x1024.jpeg"},"2048x2048":{"file":"Fernando-Flores-Fernandez-cubre-el-pago-de-danos-por-baches-a-vehiculos-de-metepequenses-2048x1365.jpeg","width":2048,"height":1365,"filesize":279883,"mime_type":"image\/jpeg","source_url":"https:\/\/www.porlalibreedomex.com\/wp-content\/uploads\/2025\/10\/Fernando-Flores-Fernandez-cubre-el-pago-de-danos-por-baches-a-vehiculos-de-metepequenses-2048x1365.jpeg"},"td_218x150":{"file":"Fernando-Flores-Fernandez-cubre-el-pago-de-danos-por-baches-a-vehiculos-de-metepequenses-218x150.jpeg","width":218,"height":150,"filesize":9002,"mime_type":"image\/jpeg","source_url":"https:\/\/www.porlalibreedomex.com\/wp-content\/uploads\/2025\/10\/Fernando-Flores-Fernandez-cubre-el-pago-de-danos-por-baches-a-vehiculos-de-metepequenses-218x150.jpeg"},"td_324x400":{"file":"Fernando-Flores-Fernandez-cubre-el-pago-de-danos-por-baches-a-vehiculos-de-metepequenses-324x400.jpeg","width":324,"height":400,"filesize":27686,"mime_type":"image\/jpeg","source_url":"https:\/\/www.porlalibreedomex.com\/wp-content\/uploads\/2025\/10\/Fernando-Flores-Fernandez-cubre-el-pago-de-danos-por-baches-a-vehiculos-de-metepequenses-324x400.jpeg"},"td_696x0":{"file":"Fernando-Flores-Fernandez-cubre-el-pago-de-danos-por-baches-a-vehiculos-de-metepequenses-696x464.jpeg","width":696,"height":464,"filesize":53774,"mime_type":"image\/jpeg","source_url":"https:\/\/www.porlalibreedomex.com\/wp-content\/uploads\/2025\/10\/Fernando-Flores-Fernandez-cubre-el-pago-de-danos-por-baches-a-vehiculos-de-metepequenses-696x464.jpeg"},"td_1068x0":{"file":"Fernando-Flores-Fernandez-cubre-el-pago-de-danos-por-baches-a-vehiculos-de-metepequenses-1068x712.jpeg","width":1068,"height":712,"filesize":103332,"mime_type":"image\/jpeg","source_url":"https:\/\/www.porlalibreedomex.com\/wp-content\/uploads\/2025\/10\/Fernando-Flores-Fernandez-cubre-el-pago-de-danos-por-baches-a-vehiculos-de-metepequenses-1068x712.jpeg"},"td_0x420":{"file":"Fernando-Flores-Fernandez-cubre-el-pago-de-danos-por-baches-a-vehiculos-de-metepequenses-630x420.jpeg","width":630,"height":420,"filesize":46641,"mime_type":"image\/jpeg","source_url":"https:\/\/www.porlalibreedomex.com\/wp-content\/uploads\/2025\/10\/Fernando-Flores-Fernandez-cubre-el-pago-de-danos-por-baches-a-vehiculos-de-metepequenses-630x420.jpeg"},"td_80x60":{"file":"Fernando-Flores-Fernandez-cubre-el-pago-de-danos-por-baches-a-vehiculos-de-metepequenses-80x60.jpeg","width":80,"height":60,"filesize":1988,"mime_type":"image\/jpeg","source_url":"https:\/\/www.porlalibreedomex.com\/wp-content\/uploads\/2025\/10\/Fernando-Flores-Fernandez-cubre-el-pago-de-danos-por-baches-a-vehiculos-de-metepequenses-80x60.jpeg"},"td_100x70":{"file":"Fernando-Flores-Fernandez-cubre-el-pago-de-danos-por-baches-a-vehiculos-de-metepequenses-100x70.jpeg","width":100,"height":70,"filesize":2745,"mime_type":"image\/jpeg","source_url":"https:\/\/www.porlalibreedomex.com\/wp-content\/uploads\/2025\/10\/Fernando-Flores-Fernandez-cubre-el-pago-de-danos-por-baches-a-vehiculos-de-metepequenses-100x70.jpeg"},"td_265x198":{"file":"Fernando-Flores-Fernandez-cubre-el-pago-de-danos-por-baches-a-vehiculos-de-metepequenses-265x198.jpeg","width":265,"height":198,"filesize":13042,"mime_type":"image\/jpeg","source_url":"https:\/\/www.porlalibreedomex.com\/wp-content\/uploads\/2025\/10\/Fernando-Flores-Fernandez-cubre-el-pago-de-danos-por-baches-a-vehiculos-de-metepequenses-265x198.jpeg"},"td_324x160":{"file":"Fernando-Flores-Fernandez-cubre-el-pago-de-danos-por-baches-a-vehiculos-de-metepequenses-324x160.jpeg","width":324,"height":160,"filesize":11496,"mime_type":"image\/jpeg","source_url":"https:\/\/www.porlalibreedomex.com\/wp-content\/uploads\/2025\/10\/Fernando-Flores-Fernandez-cubre-el-pago-de-danos-por-baches-a-vehiculos-de-metepequenses-324x160.jpeg"},"td_324x235":{"file":"Fernando-Flores-Fernandez-cubre-el-pago-de-danos-por-baches-a-vehiculos-de-metepequenses-324x235.jpeg","width":324,"height":235,"filesize":17429,"mime_type":"image\/jpeg","source_url":"https:\/\/www.porlalibreedomex.com\/wp-content\/uploads\/2025\/10\/Fernando-Flores-Fernandez-cubre-el-pago-de-danos-por-baches-a-vehiculos-de-metepequenses-324x235.jpeg"},"td_356x220":{"file":"Fernando-Flores-Fernandez-cubre-el-pago-de-danos-por-baches-a-vehiculos-de-metepequenses-356x220.jpeg","width":356,"height":220,"filesize":17590,"mime_type":"image\/jpeg","source_url":"https:\/\/www.porlalibreedomex.com\/wp-content\/uploads\/2025\/10\/Fernando-Flores-Fernandez-cubre-el-pago-de-danos-por-baches-a-vehiculos-de-metepequenses-356x220.jpeg"},"td_356x364":{"file":"Fernando-Flores-Fernandez-cubre-el-pago-de-danos-por-baches-a-vehiculos-de-metepequenses-356x364.jpeg","width":356,"height":364,"filesize":27898,"mime_type":"image\/jpeg","source_url":"https:\/\/www.porlalibreedomex.com\/wp-content\/uploads\/2025\/10\/Fernando-Flores-Fernandez-cubre-el-pago-de-danos-por-baches-a-vehiculos-de-metepequenses-356x364.jpeg"},"td_533x261":{"file":"Fernando-Flores-Fernandez-cubre-el-pago-de-danos-por-baches-a-vehiculos-de-metepequenses-533x261.jpeg","width":533,"height":261,"filesize":25544,"mime_type":"image\/jpeg","source_url":"https:\/\/www.porlalibreedomex.com\/wp-content\/uploads\/2025\/10\/Fernando-Flores-Fernandez-cubre-el-pago-de-danos-por-baches-a-vehiculos-de-metepequenses-533x261.jpeg"},"td_534x462":{"file":"Fernando-Flores-Fernandez-cubre-el-pago-de-danos-por-baches-a-vehiculos-de-metepequenses-534x462.jpeg","width":534,"height":462,"filesize":44474,"mime_type":"image\/jpeg","source_url":"https:\/\/www.porlalibreedomex.com\/wp-content\/uploads\/2025\/10\/Fernando-Flores-Fernandez-cubre-el-pago-de-danos-por-baches-a-vehiculos-de-metepequenses-534x462.jpeg"},"td_696x385":{"file":"Fernando-Flores-Fernandez-cubre-el-pago-de-danos-por-baches-a-vehiculos-de-metepequenses-696x385.jpeg","width":696,"height":385,"filesize":43186,"mime_type":"image\/jpeg","source_url":"https:\/\/www.porlalibreedomex.com\/wp-content\/uploads\/2025\/10\/Fernando-Flores-Fernandez-cubre-el-pago-de-danos-por-baches-a-vehiculos-de-metepequenses-696x385.jpeg"},"td_741x486":{"file":"Fernando-Flores-Fernandez-cubre-el-pago-de-danos-por-baches-a-vehiculos-de-metepequenses-741x486.jpeg","width":741,"height":486,"filesize":58576,"mime_type":"image\/jpeg","source_url":"https:\/\/www.porlalibreedomex.com\/wp-content\/uploads\/2025\/10\/Fernando-Flores-Fernandez-cubre-el-pago-de-danos-por-baches-a-vehiculos-de-metepequenses-741x486.jpeg"},"td_1068x580":{"file":"Fernando-Flores-Fernandez-cubre-el-pago-de-danos-por-baches-a-vehiculos-de-metepequenses-1068x580.jpeg","width":1068,"height":580,"filesize":81942,"mime_type":"image\/jpeg","source_url":"https:\/\/www.porlalibreedomex.com\/wp-content\/uploads\/2025\/10\/Fernando-Flores-Fernandez-cubre-el-pago-de-danos-por-baches-a-vehiculos-de-metepequenses-1068x580.jpeg"},"full":{"file":"Fernando-Flores-Fernandez-cubre-el-pago-de-danos-por-baches-a-vehiculos-de-metepequenses-scaled.jpeg","width":2560,"height":1707,"mime_type":"image\/jpeg","source_url":"https:\/\/www.porlalibreedomex.com\/wp-content\/uploads\/2025\/10\/Fernando-Flores-Fernandez-cubre-el-pago-de-danos-por-baches-a-vehiculos-de-metepequenses-scaled.jpeg"}},"image_meta":{"aperture":"0","credit":"","camera":"","caption":"","created_timestamp":"0","copyright":"","focal_length":"0","iso":"0","shutter_speed":"0","title":"","orientation":"0","keywords":[]},"original_image":"Fernando-Flores-Fernandez-cubre-el-pago-de-danos-por-baches-a-vehiculos-de-metepequenses.jpeg"},"post":74146,"source_url":"https:\/\/www.porlalibreedomex.com\/wp-content\/uploads\/2025\/10\/Fernando-Flores-Fernandez-cubre-el-pago-de-danos-por-baches-a-vehiculos-de-metepequenses-scaled.jpeg","_links":{"self":[{"href":"https:\/\/www.porlalibreedomex.com\/index.php?rest_route=\/wp\/v2\/media\/74153","targetHints":{"allow":["GET"]}}],"collection":[{"href":"https:\/\/www.porlalibreedomex.com\/index.php?rest_route=\/wp\/v2\/media"}],"about":[{"href":"https:\/\/www.porlalibreedomex.com\/index.php?rest_route=\/wp\/v2\/types\/attachment"}],"author":[{"embeddable":true,"href":"https:\/\/www.porlalibreedomex.com\/index.php?rest_route=\/wp\/v2\/users\/3"}],"replies":[{"embeddable":true,"href":"https:\/\/www.porlalibreedomex.com\/index.php?rest_route=%2Fwp%2Fv2%2Fcomments&post=74153"}],"wp:attached-to":[{"embeddable":true,"post_type":"post","id":74146,"href":"https:\/\/www.porlalibreedomex.com\/index.php?rest_route=\/wp\/v2\/posts\/74146"}],"curies":[{"name":"wp","href":"https:\/\/api.w.org\/{rel}","templated":true}]}}

Fernando Flores Fernández cubre el pago de daños por baches a vehículos de metepequenses.
