{"id":69546,"date":"2024-06-14T02:04:54","date_gmt":"2024-06-14T08:04:54","guid":{"rendered":"http:\/\/porlalibreedomex.com\/wp-content\/uploads\/2024\/06\/Con-su-esposa-y-Presidenta-Honoraria-del-DIF-de-Metepec-Irai-Albarran-Segura-Fernando-Flores-Fernandez-hizo-su-campana-triunfadora.jpg"},"modified":"2024-06-14T02:04:54","modified_gmt":"2024-06-14T08:04:54","slug":"con-su-esposa-y-presidenta-honoraria-del-dif-de-metepec-irai-albarran-segura-fernando-flores-fernandez-hizo-su-campana-triunfadora","status":"inherit","type":"attachment","link":"https:\/\/www.porlalibreedomex.com\/?attachment_id=69546","title":{"rendered":"Con su esposa y Presidenta Honoraria del DIF de Metepec, Ira\u00ed Albarr\u00e1n Segura, Fernando Flores Fern\u00e1ndez hizo su campa\u00f1a triunfadora."},"author":3,"featured_media":0,"comment_status":"open","ping_status":"closed","template":"","meta":[],"class_list":["post-69546","attachment","type-attachment","status-inherit"],"description":{"rendered":"<p class=\"attachment\"><a href='https:\/\/www.porlalibreedomex.com\/wp-content\/uploads\/2024\/06\/Con-su-esposa-y-Presidenta-Honoraria-del-DIF-de-Metepec-Irai-Albarran-Segura-Fernando-Flores-Fernandez-hizo-su-campana-triunfadora-scaled.jpg'><img loading=\"lazy\" decoding=\"async\" width=\"300\" height=\"200\" src=\"https:\/\/www.porlalibreedomex.com\/wp-content\/uploads\/2024\/06\/Con-su-esposa-y-Presidenta-Honoraria-del-DIF-de-Metepec-Irai-Albarran-Segura-Fernando-Flores-Fernandez-hizo-su-campana-triunfadora-300x200.jpg\" class=\"attachment-medium size-medium\" alt=\"\" srcset=\"https:\/\/www.porlalibreedomex.com\/wp-content\/uploads\/2024\/06\/Con-su-esposa-y-Presidenta-Honoraria-del-DIF-de-Metepec-Irai-Albarran-Segura-Fernando-Flores-Fernandez-hizo-su-campana-triunfadora-300x200.jpg 300w, https:\/\/www.porlalibreedomex.com\/wp-content\/uploads\/2024\/06\/Con-su-esposa-y-Presidenta-Honoraria-del-DIF-de-Metepec-Irai-Albarran-Segura-Fernando-Flores-Fernandez-hizo-su-campana-triunfadora-1024x683.jpg 1024w, https:\/\/www.porlalibreedomex.com\/wp-content\/uploads\/2024\/06\/Con-su-esposa-y-Presidenta-Honoraria-del-DIF-de-Metepec-Irai-Albarran-Segura-Fernando-Flores-Fernandez-hizo-su-campana-triunfadora-768x512.jpg 768w, https:\/\/www.porlalibreedomex.com\/wp-content\/uploads\/2024\/06\/Con-su-esposa-y-Presidenta-Honoraria-del-DIF-de-Metepec-Irai-Albarran-Segura-Fernando-Flores-Fernandez-hizo-su-campana-triunfadora-1536x1024.jpg 1536w, https:\/\/www.porlalibreedomex.com\/wp-content\/uploads\/2024\/06\/Con-su-esposa-y-Presidenta-Honoraria-del-DIF-de-Metepec-Irai-Albarran-Segura-Fernando-Flores-Fernandez-hizo-su-campana-triunfadora-2048x1366.jpg 2048w\" sizes=\"auto, (max-width: 300px) 100vw, 300px\" \/><\/a><\/p>\n"},"caption":{"rendered":""},"alt_text":"","media_type":"image","mime_type":"image\/jpeg","media_details":{"width":2560,"height":1707,"file":"2024\/06\/Con-su-esposa-y-Presidenta-Honoraria-del-DIF-de-Metepec-Irai-Albarran-Segura-Fernando-Flores-Fernandez-hizo-su-campana-triunfadora-scaled.jpg","filesize":525893,"sizes":{"medium":{"file":"Con-su-esposa-y-Presidenta-Honoraria-del-DIF-de-Metepec-Irai-Albarran-Segura-Fernando-Flores-Fernandez-hizo-su-campana-triunfadora-300x200.jpg","width":300,"height":200,"filesize":16106,"mime_type":"image\/jpeg","source_url":"https:\/\/www.porlalibreedomex.com\/wp-content\/uploads\/2024\/06\/Con-su-esposa-y-Presidenta-Honoraria-del-DIF-de-Metepec-Irai-Albarran-Segura-Fernando-Flores-Fernandez-hizo-su-campana-triunfadora-300x200.jpg"},"large":{"file":"Con-su-esposa-y-Presidenta-Honoraria-del-DIF-de-Metepec-Irai-Albarran-Segura-Fernando-Flores-Fernandez-hizo-su-campana-triunfadora-1024x683.jpg","width":1024,"height":683,"filesize":124094,"mime_type":"image\/jpeg","source_url":"https:\/\/www.porlalibreedomex.com\/wp-content\/uploads\/2024\/06\/Con-su-esposa-y-Presidenta-Honoraria-del-DIF-de-Metepec-Irai-Albarran-Segura-Fernando-Flores-Fernandez-hizo-su-campana-triunfadora-1024x683.jpg"},"thumbnail":{"file":"Con-su-esposa-y-Presidenta-Honoraria-del-DIF-de-Metepec-Irai-Albarran-Segura-Fernando-Flores-Fernandez-hizo-su-campana-triunfadora-150x150.jpg","width":150,"height":150,"filesize":6946,"mime_type":"image\/jpeg","source_url":"https:\/\/www.porlalibreedomex.com\/wp-content\/uploads\/2024\/06\/Con-su-esposa-y-Presidenta-Honoraria-del-DIF-de-Metepec-Irai-Albarran-Segura-Fernando-Flores-Fernandez-hizo-su-campana-triunfadora-150x150.jpg"},"medium_large":{"file":"Con-su-esposa-y-Presidenta-Honoraria-del-DIF-de-Metepec-Irai-Albarran-Segura-Fernando-Flores-Fernandez-hizo-su-campana-triunfadora-768x512.jpg","width":768,"height":512,"filesize":77184,"mime_type":"image\/jpeg","source_url":"https:\/\/www.porlalibreedomex.com\/wp-content\/uploads\/2024\/06\/Con-su-esposa-y-Presidenta-Honoraria-del-DIF-de-Metepec-Irai-Albarran-Segura-Fernando-Flores-Fernandez-hizo-su-campana-triunfadora-768x512.jpg"},"1536x1536":{"file":"Con-su-esposa-y-Presidenta-Honoraria-del-DIF-de-Metepec-Irai-Albarran-Segura-Fernando-Flores-Fernandez-hizo-su-campana-triunfadora-1536x1024.jpg","width":1536,"height":1024,"filesize":235524,"mime_type":"image\/jpeg","source_url":"https:\/\/www.porlalibreedomex.com\/wp-content\/uploads\/2024\/06\/Con-su-esposa-y-Presidenta-Honoraria-del-DIF-de-Metepec-Irai-Albarran-Segura-Fernando-Flores-Fernandez-hizo-su-campana-triunfadora-1536x1024.jpg"},"2048x2048":{"file":"Con-su-esposa-y-Presidenta-Honoraria-del-DIF-de-Metepec-Irai-Albarran-Segura-Fernando-Flores-Fernandez-hizo-su-campana-triunfadora-2048x1366.jpg","width":2048,"height":1366,"filesize":370052,"mime_type":"image\/jpeg","source_url":"https:\/\/www.porlalibreedomex.com\/wp-content\/uploads\/2024\/06\/Con-su-esposa-y-Presidenta-Honoraria-del-DIF-de-Metepec-Irai-Albarran-Segura-Fernando-Flores-Fernandez-hizo-su-campana-triunfadora-2048x1366.jpg"},"colormag-highlighted-post":{"file":"Con-su-esposa-y-Presidenta-Honoraria-del-DIF-de-Metepec-Irai-Albarran-Segura-Fernando-Flores-Fernandez-hizo-su-campana-triunfadora-392x272.jpg","width":392,"height":272,"filesize":25919,"mime_type":"image\/jpeg","source_url":"https:\/\/www.porlalibreedomex.com\/wp-content\/uploads\/2024\/06\/Con-su-esposa-y-Presidenta-Honoraria-del-DIF-de-Metepec-Irai-Albarran-Segura-Fernando-Flores-Fernandez-hizo-su-campana-triunfadora-392x272.jpg"},"colormag-featured-post-medium":{"file":"Con-su-esposa-y-Presidenta-Honoraria-del-DIF-de-Metepec-Irai-Albarran-Segura-Fernando-Flores-Fernandez-hizo-su-campana-triunfadora-390x205.jpg","width":390,"height":205,"filesize":20152,"mime_type":"image\/jpeg","source_url":"https:\/\/www.porlalibreedomex.com\/wp-content\/uploads\/2024\/06\/Con-su-esposa-y-Presidenta-Honoraria-del-DIF-de-Metepec-Irai-Albarran-Segura-Fernando-Flores-Fernandez-hizo-su-campana-triunfadora-390x205.jpg"},"colormag-featured-post-small":{"file":"Con-su-esposa-y-Presidenta-Honoraria-del-DIF-de-Metepec-Irai-Albarran-Segura-Fernando-Flores-Fernandez-hizo-su-campana-triunfadora-130x90.jpg","width":130,"height":90,"filesize":4240,"mime_type":"image\/jpeg","source_url":"https:\/\/www.porlalibreedomex.com\/wp-content\/uploads\/2024\/06\/Con-su-esposa-y-Presidenta-Honoraria-del-DIF-de-Metepec-Irai-Albarran-Segura-Fernando-Flores-Fernandez-hizo-su-campana-triunfadora-130x90.jpg"},"colormag-featured-image":{"file":"Con-su-esposa-y-Presidenta-Honoraria-del-DIF-de-Metepec-Irai-Albarran-Segura-Fernando-Flores-Fernandez-hizo-su-campana-triunfadora-800x445.jpg","width":800,"height":445,"filesize":69884,"mime_type":"image\/jpeg","source_url":"https:\/\/www.porlalibreedomex.com\/wp-content\/uploads\/2024\/06\/Con-su-esposa-y-Presidenta-Honoraria-del-DIF-de-Metepec-Irai-Albarran-Segura-Fernando-Flores-Fernandez-hizo-su-campana-triunfadora-800x445.jpg"},"colormag-default-news":{"file":"Con-su-esposa-y-Presidenta-Honoraria-del-DIF-de-Metepec-Irai-Albarran-Segura-Fernando-Flores-Fernandez-hizo-su-campana-triunfadora-150x150.jpg","width":150,"height":150,"filesize":6946,"mime_type":"image\/jpeg","source_url":"https:\/\/www.porlalibreedomex.com\/wp-content\/uploads\/2024\/06\/Con-su-esposa-y-Presidenta-Honoraria-del-DIF-de-Metepec-Irai-Albarran-Segura-Fernando-Flores-Fernandez-hizo-su-campana-triunfadora-150x150.jpg"},"colormag-featured-image-large":{"file":"Con-su-esposa-y-Presidenta-Honoraria-del-DIF-de-Metepec-Irai-Albarran-Segura-Fernando-Flores-Fernandez-hizo-su-campana-triunfadora-1400x600.jpg","width":1400,"height":600,"filesize":126802,"mime_type":"image\/jpeg","source_url":"https:\/\/www.porlalibreedomex.com\/wp-content\/uploads\/2024\/06\/Con-su-esposa-y-Presidenta-Honoraria-del-DIF-de-Metepec-Irai-Albarran-Segura-Fernando-Flores-Fernandez-hizo-su-campana-triunfadora-1400x600.jpg"},"full":{"file":"Con-su-esposa-y-Presidenta-Honoraria-del-DIF-de-Metepec-Irai-Albarran-Segura-Fernando-Flores-Fernandez-hizo-su-campana-triunfadora-scaled.jpg","width":2560,"height":1707,"mime_type":"image\/jpeg","source_url":"https:\/\/www.porlalibreedomex.com\/wp-content\/uploads\/2024\/06\/Con-su-esposa-y-Presidenta-Honoraria-del-DIF-de-Metepec-Irai-Albarran-Segura-Fernando-Flores-Fernandez-hizo-su-campana-triunfadora-scaled.jpg"}},"image_meta":{"aperture":"0","credit":"","camera":"","caption":"","created_timestamp":"0","copyright":"","focal_length":"0","iso":"0","shutter_speed":"0","title":"","orientation":"0","keywords":[]},"original_image":"Con-su-esposa-y-Presidenta-Honoraria-del-DIF-de-Metepec-Irai-Albarran-Segura-Fernando-Flores-Fernandez-hizo-su-campana-triunfadora.jpg"},"post":69542,"source_url":"https:\/\/www.porlalibreedomex.com\/wp-content\/uploads\/2024\/06\/Con-su-esposa-y-Presidenta-Honoraria-del-DIF-de-Metepec-Irai-Albarran-Segura-Fernando-Flores-Fernandez-hizo-su-campana-triunfadora-scaled.jpg","_links":{"self":[{"href":"https:\/\/www.porlalibreedomex.com\/index.php?rest_route=\/wp\/v2\/media\/69546","targetHints":{"allow":["GET"]}}],"collection":[{"href":"https:\/\/www.porlalibreedomex.com\/index.php?rest_route=\/wp\/v2\/media"}],"about":[{"href":"https:\/\/www.porlalibreedomex.com\/index.php?rest_route=\/wp\/v2\/types\/attachment"}],"author":[{"embeddable":true,"href":"https:\/\/www.porlalibreedomex.com\/index.php?rest_route=\/wp\/v2\/users\/3"}],"replies":[{"embeddable":true,"href":"https:\/\/www.porlalibreedomex.com\/index.php?rest_route=%2Fwp%2Fv2%2Fcomments&post=69546"}],"wp:attached-to":[{"embeddable":true,"post_type":"post","id":69542,"href":"https:\/\/www.porlalibreedomex.com\/index.php?rest_route=\/wp\/v2\/posts\/69542"}],"curies":[{"name":"wp","href":"https:\/\/api.w.org\/{rel}","templated":true}]}}

Con su esposa y Presidenta Honoraria del DIF de Metepec, Iraí Albarrán Segura, Fernando Flores Fernández hizo su campaña triunfadora.
