{"id":66455,"date":"2023-10-07T01:51:12","date_gmt":"2023-10-07T07:51:12","guid":{"rendered":"http:\/\/porlalibreedomex.com\/wp-content\/uploads\/2023\/10\/Durante-los-proximos-diez-dias-Metepec-estara-lleno-de-belleza-arte-y-cultura-en-los-escenarios-del-Festival-QUIMERA-en-su-33-Edicion.jpeg"},"modified":"2023-10-07T02:00:48","modified_gmt":"2023-10-07T08:00:48","slug":"durante-los-proximos-diez-dias-metepec-estara-lleno-de-belleza-arte-y-cultura-en-los-escenarios-del-festival-quimera-en-su-33-edicion","status":"inherit","type":"attachment","link":"https:\/\/www.porlalibreedomex.com\/?attachment_id=66455","title":{"rendered":"Durante los pr\u00f3ximos diez d\u00edas, Metepec estar\u00e1 lleno de belleza, arte y cultura, en los escenarios del Festival QUIMERA en su 33 Edici\u00f3n."},"author":3,"featured_media":0,"comment_status":"open","ping_status":"closed","template":"","meta":[],"class_list":["post-66455","attachment","type-attachment","status-inherit"],"description":{"rendered":"<p class=\"attachment\"><a href='https:\/\/www.porlalibreedomex.com\/wp-content\/uploads\/2023\/10\/Durante-los-proximos-diez-dias-Metepec-estara-lleno-de-belleza-arte-y-cultura-en-los-escenarios-del-Festival-QUIMERA-en-su-33-Edicion.jpeg'><img loading=\"lazy\" decoding=\"async\" width=\"300\" height=\"225\" src=\"https:\/\/www.porlalibreedomex.com\/wp-content\/uploads\/2023\/10\/Durante-los-proximos-diez-dias-Metepec-estara-lleno-de-belleza-arte-y-cultura-en-los-escenarios-del-Festival-QUIMERA-en-su-33-Edicion-300x225.jpeg\" class=\"attachment-medium size-medium\" alt=\"\" srcset=\"https:\/\/www.porlalibreedomex.com\/wp-content\/uploads\/2023\/10\/Durante-los-proximos-diez-dias-Metepec-estara-lleno-de-belleza-arte-y-cultura-en-los-escenarios-del-Festival-QUIMERA-en-su-33-Edicion-300x225.jpeg 300w, https:\/\/www.porlalibreedomex.com\/wp-content\/uploads\/2023\/10\/Durante-los-proximos-diez-dias-Metepec-estara-lleno-de-belleza-arte-y-cultura-en-los-escenarios-del-Festival-QUIMERA-en-su-33-Edicion-1024x768.jpeg 1024w, https:\/\/www.porlalibreedomex.com\/wp-content\/uploads\/2023\/10\/Durante-los-proximos-diez-dias-Metepec-estara-lleno-de-belleza-arte-y-cultura-en-los-escenarios-del-Festival-QUIMERA-en-su-33-Edicion-768x576.jpeg 768w, https:\/\/www.porlalibreedomex.com\/wp-content\/uploads\/2023\/10\/Durante-los-proximos-diez-dias-Metepec-estara-lleno-de-belleza-arte-y-cultura-en-los-escenarios-del-Festival-QUIMERA-en-su-33-Edicion-1536x1153.jpeg 1536w, https:\/\/www.porlalibreedomex.com\/wp-content\/uploads\/2023\/10\/Durante-los-proximos-diez-dias-Metepec-estara-lleno-de-belleza-arte-y-cultura-en-los-escenarios-del-Festival-QUIMERA-en-su-33-Edicion.jpeg 1599w\" sizes=\"auto, (max-width: 300px) 100vw, 300px\" \/><\/a><\/p>\n"},"caption":{"rendered":"<p>Durante los pr\u00f3ximos diez d\u00edas, Metepec estar\u00e1 lleno de belleza, arte y cultura, en los escenarios del Festival QUIMERA en su 33 Edici\u00f3n.<\/p>\n"},"alt_text":"","media_type":"image","mime_type":"image\/jpeg","media_details":{"width":1599,"height":1200,"file":"2023\/10\/Durante-los-proximos-diez-dias-Metepec-estara-lleno-de-belleza-arte-y-cultura-en-los-escenarios-del-Festival-QUIMERA-en-su-33-Edicion.jpeg","filesize":314313,"sizes":{"medium":{"file":"Durante-los-proximos-diez-dias-Metepec-estara-lleno-de-belleza-arte-y-cultura-en-los-escenarios-del-Festival-QUIMERA-en-su-33-Edicion-300x225.jpeg","width":300,"height":225,"filesize":17213,"mime_type":"image\/jpeg","source_url":"https:\/\/www.porlalibreedomex.com\/wp-content\/uploads\/2023\/10\/Durante-los-proximos-diez-dias-Metepec-estara-lleno-de-belleza-arte-y-cultura-en-los-escenarios-del-Festival-QUIMERA-en-su-33-Edicion-300x225.jpeg"},"large":{"file":"Durante-los-proximos-diez-dias-Metepec-estara-lleno-de-belleza-arte-y-cultura-en-los-escenarios-del-Festival-QUIMERA-en-su-33-Edicion-1024x768.jpeg","width":1024,"height":768,"filesize":131959,"mime_type":"image\/jpeg","source_url":"https:\/\/www.porlalibreedomex.com\/wp-content\/uploads\/2023\/10\/Durante-los-proximos-diez-dias-Metepec-estara-lleno-de-belleza-arte-y-cultura-en-los-escenarios-del-Festival-QUIMERA-en-su-33-Edicion-1024x768.jpeg"},"thumbnail":{"file":"Durante-los-proximos-diez-dias-Metepec-estara-lleno-de-belleza-arte-y-cultura-en-los-escenarios-del-Festival-QUIMERA-en-su-33-Edicion-150x150.jpeg","width":150,"height":150,"filesize":7353,"mime_type":"image\/jpeg","source_url":"https:\/\/www.porlalibreedomex.com\/wp-content\/uploads\/2023\/10\/Durante-los-proximos-diez-dias-Metepec-estara-lleno-de-belleza-arte-y-cultura-en-los-escenarios-del-Festival-QUIMERA-en-su-33-Edicion-150x150.jpeg"},"medium_large":{"file":"Durante-los-proximos-diez-dias-Metepec-estara-lleno-de-belleza-arte-y-cultura-en-los-escenarios-del-Festival-QUIMERA-en-su-33-Edicion-768x576.jpeg","width":768,"height":576,"filesize":76493,"mime_type":"image\/jpeg","source_url":"https:\/\/www.porlalibreedomex.com\/wp-content\/uploads\/2023\/10\/Durante-los-proximos-diez-dias-Metepec-estara-lleno-de-belleza-arte-y-cultura-en-los-escenarios-del-Festival-QUIMERA-en-su-33-Edicion-768x576.jpeg"},"1536x1536":{"file":"Durante-los-proximos-diez-dias-Metepec-estara-lleno-de-belleza-arte-y-cultura-en-los-escenarios-del-Festival-QUIMERA-en-su-33-Edicion-1536x1153.jpeg","width":1536,"height":1153,"filesize":298238,"mime_type":"image\/jpeg","source_url":"https:\/\/www.porlalibreedomex.com\/wp-content\/uploads\/2023\/10\/Durante-los-proximos-diez-dias-Metepec-estara-lleno-de-belleza-arte-y-cultura-en-los-escenarios-del-Festival-QUIMERA-en-su-33-Edicion-1536x1153.jpeg"},"colormag-highlighted-post":{"file":"Durante-los-proximos-diez-dias-Metepec-estara-lleno-de-belleza-arte-y-cultura-en-los-escenarios-del-Festival-QUIMERA-en-su-33-Edicion-392x272.jpeg","width":392,"height":272,"filesize":23955,"mime_type":"image\/jpeg","source_url":"https:\/\/www.porlalibreedomex.com\/wp-content\/uploads\/2023\/10\/Durante-los-proximos-diez-dias-Metepec-estara-lleno-de-belleza-arte-y-cultura-en-los-escenarios-del-Festival-QUIMERA-en-su-33-Edicion-392x272.jpeg"},"colormag-featured-post-medium":{"file":"Durante-los-proximos-diez-dias-Metepec-estara-lleno-de-belleza-arte-y-cultura-en-los-escenarios-del-Festival-QUIMERA-en-su-33-Edicion-390x205.jpeg","width":390,"height":205,"filesize":18549,"mime_type":"image\/jpeg","source_url":"https:\/\/www.porlalibreedomex.com\/wp-content\/uploads\/2023\/10\/Durante-los-proximos-diez-dias-Metepec-estara-lleno-de-belleza-arte-y-cultura-en-los-escenarios-del-Festival-QUIMERA-en-su-33-Edicion-390x205.jpeg"},"colormag-featured-post-small":{"file":"Durante-los-proximos-diez-dias-Metepec-estara-lleno-de-belleza-arte-y-cultura-en-los-escenarios-del-Festival-QUIMERA-en-su-33-Edicion-130x90.jpeg","width":130,"height":90,"filesize":4167,"mime_type":"image\/jpeg","source_url":"https:\/\/www.porlalibreedomex.com\/wp-content\/uploads\/2023\/10\/Durante-los-proximos-diez-dias-Metepec-estara-lleno-de-belleza-arte-y-cultura-en-los-escenarios-del-Festival-QUIMERA-en-su-33-Edicion-130x90.jpeg"},"colormag-featured-image":{"file":"Durante-los-proximos-diez-dias-Metepec-estara-lleno-de-belleza-arte-y-cultura-en-los-escenarios-del-Festival-QUIMERA-en-su-33-Edicion-800x445.jpeg","width":800,"height":445,"filesize":60555,"mime_type":"image\/jpeg","source_url":"https:\/\/www.porlalibreedomex.com\/wp-content\/uploads\/2023\/10\/Durante-los-proximos-diez-dias-Metepec-estara-lleno-de-belleza-arte-y-cultura-en-los-escenarios-del-Festival-QUIMERA-en-su-33-Edicion-800x445.jpeg"},"colormag-default-news":{"file":"Durante-los-proximos-diez-dias-Metepec-estara-lleno-de-belleza-arte-y-cultura-en-los-escenarios-del-Festival-QUIMERA-en-su-33-Edicion-150x150.jpeg","width":150,"height":150,"filesize":7353,"mime_type":"image\/jpeg","source_url":"https:\/\/www.porlalibreedomex.com\/wp-content\/uploads\/2023\/10\/Durante-los-proximos-diez-dias-Metepec-estara-lleno-de-belleza-arte-y-cultura-en-los-escenarios-del-Festival-QUIMERA-en-su-33-Edicion-150x150.jpeg"},"colormag-featured-image-large":{"file":"Durante-los-proximos-diez-dias-Metepec-estara-lleno-de-belleza-arte-y-cultura-en-los-escenarios-del-Festival-QUIMERA-en-su-33-Edicion-1400x600.jpeg","width":1400,"height":600,"filesize":143522,"mime_type":"image\/jpeg","source_url":"https:\/\/www.porlalibreedomex.com\/wp-content\/uploads\/2023\/10\/Durante-los-proximos-diez-dias-Metepec-estara-lleno-de-belleza-arte-y-cultura-en-los-escenarios-del-Festival-QUIMERA-en-su-33-Edicion-1400x600.jpeg"},"full":{"file":"Durante-los-proximos-diez-dias-Metepec-estara-lleno-de-belleza-arte-y-cultura-en-los-escenarios-del-Festival-QUIMERA-en-su-33-Edicion.jpeg","width":1599,"height":1200,"mime_type":"image\/jpeg","source_url":"https:\/\/www.porlalibreedomex.com\/wp-content\/uploads\/2023\/10\/Durante-los-proximos-diez-dias-Metepec-estara-lleno-de-belleza-arte-y-cultura-en-los-escenarios-del-Festival-QUIMERA-en-su-33-Edicion.jpeg"}},"image_meta":{"aperture":"0","credit":"","camera":"","caption":"","created_timestamp":"0","copyright":"","focal_length":"0","iso":"0","shutter_speed":"0","title":"","orientation":"0","keywords":[]}},"post":66452,"source_url":"https:\/\/www.porlalibreedomex.com\/wp-content\/uploads\/2023\/10\/Durante-los-proximos-diez-dias-Metepec-estara-lleno-de-belleza-arte-y-cultura-en-los-escenarios-del-Festival-QUIMERA-en-su-33-Edicion.jpeg","_links":{"self":[{"href":"https:\/\/www.porlalibreedomex.com\/index.php?rest_route=\/wp\/v2\/media\/66455","targetHints":{"allow":["GET"]}}],"collection":[{"href":"https:\/\/www.porlalibreedomex.com\/index.php?rest_route=\/wp\/v2\/media"}],"about":[{"href":"https:\/\/www.porlalibreedomex.com\/index.php?rest_route=\/wp\/v2\/types\/attachment"}],"author":[{"embeddable":true,"href":"https:\/\/www.porlalibreedomex.com\/index.php?rest_route=\/wp\/v2\/users\/3"}],"replies":[{"embeddable":true,"href":"https:\/\/www.porlalibreedomex.com\/index.php?rest_route=%2Fwp%2Fv2%2Fcomments&post=66455"}],"wp:attached-to":[{"embeddable":true,"post_type":"post","id":66452,"href":"https:\/\/www.porlalibreedomex.com\/index.php?rest_route=\/wp\/v2\/posts\/66452"}],"curies":[{"name":"wp","href":"https:\/\/api.w.org\/{rel}","templated":true}]}}

Durante los próximos diez días, Metepec estará lleno de belleza, arte y cultura, en los escenarios del Festival QUIMERA en su 33 Edición.

<p>Durante los próximos diez días, Metepec estará lleno de belleza, arte y cultura, en los escenarios del Festival QUIMERA en su 33 Edición.</p>
