{"id":66131,"date":"2023-09-17T02:19:36","date_gmt":"2023-09-17T08:19:36","guid":{"rendered":"http:\/\/porlalibreedomex.com\/wp-content\/uploads\/2023\/09\/La-Presidenta-Honoraria-del-DIF-municipal-de-Metepec-acompano-en-todo-momento-a-su-esposo-en-esta-celebracion-lo-mismo-que-los-miembros-del-Cabildo.jpeg"},"modified":"2023-09-17T02:23:25","modified_gmt":"2023-09-17T08:23:25","slug":"la-presidenta-honoraria-del-dif-municipal-de-metepec-acompano-en-todo-momento-a-su-esposo-en-esta-celebracion-lo-mismo-que-los-miembros-del-cabildo","status":"inherit","type":"attachment","link":"https:\/\/www.porlalibreedomex.com\/?attachment_id=66131","title":{"rendered":"La Presidenta Honoraria del DIF municipal de Metepec, acompa\u00f1\u00f3 en todo momento a su esposo en esta celebraci\u00f3n, lo mismo que los miembros del Cabildo."},"author":3,"featured_media":0,"comment_status":"open","ping_status":"closed","template":"","meta":[],"class_list":["post-66131","attachment","type-attachment","status-inherit"],"description":{"rendered":"<p class=\"attachment\"><a href='https:\/\/www.porlalibreedomex.com\/wp-content\/uploads\/2023\/09\/La-Presidenta-Honoraria-del-DIF-municipal-de-Metepec-acompano-en-todo-momento-a-su-esposo-en-esta-celebracion-lo-mismo-que-los-miembros-del-Cabildo.jpeg'><img loading=\"lazy\" decoding=\"async\" width=\"300\" height=\"200\" src=\"https:\/\/www.porlalibreedomex.com\/wp-content\/uploads\/2023\/09\/La-Presidenta-Honoraria-del-DIF-municipal-de-Metepec-acompano-en-todo-momento-a-su-esposo-en-esta-celebracion-lo-mismo-que-los-miembros-del-Cabildo-300x200.jpeg\" class=\"attachment-medium size-medium\" alt=\"\" srcset=\"https:\/\/www.porlalibreedomex.com\/wp-content\/uploads\/2023\/09\/La-Presidenta-Honoraria-del-DIF-municipal-de-Metepec-acompano-en-todo-momento-a-su-esposo-en-esta-celebracion-lo-mismo-que-los-miembros-del-Cabildo-300x200.jpeg 300w, https:\/\/www.porlalibreedomex.com\/wp-content\/uploads\/2023\/09\/La-Presidenta-Honoraria-del-DIF-municipal-de-Metepec-acompano-en-todo-momento-a-su-esposo-en-esta-celebracion-lo-mismo-que-los-miembros-del-Cabildo-1024x682.jpeg 1024w, https:\/\/www.porlalibreedomex.com\/wp-content\/uploads\/2023\/09\/La-Presidenta-Honoraria-del-DIF-municipal-de-Metepec-acompano-en-todo-momento-a-su-esposo-en-esta-celebracion-lo-mismo-que-los-miembros-del-Cabildo-768x512.jpeg 768w, https:\/\/www.porlalibreedomex.com\/wp-content\/uploads\/2023\/09\/La-Presidenta-Honoraria-del-DIF-municipal-de-Metepec-acompano-en-todo-momento-a-su-esposo-en-esta-celebracion-lo-mismo-que-los-miembros-del-Cabildo.jpeg 1280w\" sizes=\"auto, (max-width: 300px) 100vw, 300px\" \/><\/a><\/p>\n"},"caption":{"rendered":"<p>La Presidenta Honoraria del DIF municipal de Metepec, Ira\u00ed Albarr\u00e1n Segura, acompa\u00f1\u00f3 en todo momento a su esposo en esta celebraci\u00f3n, lo mismo que los miembros del Cabildo.<\/p>\n"},"alt_text":"","media_type":"image","mime_type":"image\/jpeg","media_details":{"width":1280,"height":853,"file":"2023\/09\/La-Presidenta-Honoraria-del-DIF-municipal-de-Metepec-acompano-en-todo-momento-a-su-esposo-en-esta-celebracion-lo-mismo-que-los-miembros-del-Cabildo.jpeg","filesize":105390,"sizes":{"medium":{"file":"La-Presidenta-Honoraria-del-DIF-municipal-de-Metepec-acompano-en-todo-momento-a-su-esposo-en-esta-celebracion-lo-mismo-que-los-miembros-del-Cabildo-300x200.jpeg","width":300,"height":200,"filesize":13804,"mime_type":"image\/jpeg","source_url":"https:\/\/www.porlalibreedomex.com\/wp-content\/uploads\/2023\/09\/La-Presidenta-Honoraria-del-DIF-municipal-de-Metepec-acompano-en-todo-momento-a-su-esposo-en-esta-celebracion-lo-mismo-que-los-miembros-del-Cabildo-300x200.jpeg"},"large":{"file":"La-Presidenta-Honoraria-del-DIF-municipal-de-Metepec-acompano-en-todo-momento-a-su-esposo-en-esta-celebracion-lo-mismo-que-los-miembros-del-Cabildo-1024x682.jpeg","width":1024,"height":682,"filesize":86210,"mime_type":"image\/jpeg","source_url":"https:\/\/www.porlalibreedomex.com\/wp-content\/uploads\/2023\/09\/La-Presidenta-Honoraria-del-DIF-municipal-de-Metepec-acompano-en-todo-momento-a-su-esposo-en-esta-celebracion-lo-mismo-que-los-miembros-del-Cabildo-1024x682.jpeg"},"thumbnail":{"file":"La-Presidenta-Honoraria-del-DIF-municipal-de-Metepec-acompano-en-todo-momento-a-su-esposo-en-esta-celebracion-lo-mismo-que-los-miembros-del-Cabildo-150x150.jpeg","width":150,"height":150,"filesize":6832,"mime_type":"image\/jpeg","source_url":"https:\/\/www.porlalibreedomex.com\/wp-content\/uploads\/2023\/09\/La-Presidenta-Honoraria-del-DIF-municipal-de-Metepec-acompano-en-todo-momento-a-su-esposo-en-esta-celebracion-lo-mismo-que-los-miembros-del-Cabildo-150x150.jpeg"},"medium_large":{"file":"La-Presidenta-Honoraria-del-DIF-municipal-de-Metepec-acompano-en-todo-momento-a-su-esposo-en-esta-celebracion-lo-mismo-que-los-miembros-del-Cabildo-768x512.jpeg","width":768,"height":512,"filesize":56372,"mime_type":"image\/jpeg","source_url":"https:\/\/www.porlalibreedomex.com\/wp-content\/uploads\/2023\/09\/La-Presidenta-Honoraria-del-DIF-municipal-de-Metepec-acompano-en-todo-momento-a-su-esposo-en-esta-celebracion-lo-mismo-que-los-miembros-del-Cabildo-768x512.jpeg"},"colormag-highlighted-post":{"file":"La-Presidenta-Honoraria-del-DIF-municipal-de-Metepec-acompano-en-todo-momento-a-su-esposo-en-esta-celebracion-lo-mismo-que-los-miembros-del-Cabildo-392x272.jpeg","width":392,"height":272,"filesize":21311,"mime_type":"image\/jpeg","source_url":"https:\/\/www.porlalibreedomex.com\/wp-content\/uploads\/2023\/09\/La-Presidenta-Honoraria-del-DIF-municipal-de-Metepec-acompano-en-todo-momento-a-su-esposo-en-esta-celebracion-lo-mismo-que-los-miembros-del-Cabildo-392x272.jpeg"},"colormag-featured-post-medium":{"file":"La-Presidenta-Honoraria-del-DIF-municipal-de-Metepec-acompano-en-todo-momento-a-su-esposo-en-esta-celebracion-lo-mismo-que-los-miembros-del-Cabildo-390x205.jpeg","width":390,"height":205,"filesize":16920,"mime_type":"image\/jpeg","source_url":"https:\/\/www.porlalibreedomex.com\/wp-content\/uploads\/2023\/09\/La-Presidenta-Honoraria-del-DIF-municipal-de-Metepec-acompano-en-todo-momento-a-su-esposo-en-esta-celebracion-lo-mismo-que-los-miembros-del-Cabildo-390x205.jpeg"},"colormag-featured-post-small":{"file":"La-Presidenta-Honoraria-del-DIF-municipal-de-Metepec-acompano-en-todo-momento-a-su-esposo-en-esta-celebracion-lo-mismo-que-los-miembros-del-Cabildo-130x90.jpeg","width":130,"height":90,"filesize":4167,"mime_type":"image\/jpeg","source_url":"https:\/\/www.porlalibreedomex.com\/wp-content\/uploads\/2023\/09\/La-Presidenta-Honoraria-del-DIF-municipal-de-Metepec-acompano-en-todo-momento-a-su-esposo-en-esta-celebracion-lo-mismo-que-los-miembros-del-Cabildo-130x90.jpeg"},"colormag-featured-image":{"file":"La-Presidenta-Honoraria-del-DIF-municipal-de-Metepec-acompano-en-todo-momento-a-su-esposo-en-esta-celebracion-lo-mismo-que-los-miembros-del-Cabildo-800x445.jpeg","width":800,"height":445,"filesize":51174,"mime_type":"image\/jpeg","source_url":"https:\/\/www.porlalibreedomex.com\/wp-content\/uploads\/2023\/09\/La-Presidenta-Honoraria-del-DIF-municipal-de-Metepec-acompano-en-todo-momento-a-su-esposo-en-esta-celebracion-lo-mismo-que-los-miembros-del-Cabildo-800x445.jpeg"},"colormag-default-news":{"file":"La-Presidenta-Honoraria-del-DIF-municipal-de-Metepec-acompano-en-todo-momento-a-su-esposo-en-esta-celebracion-lo-mismo-que-los-miembros-del-Cabildo-150x150.jpeg","width":150,"height":150,"filesize":6832,"mime_type":"image\/jpeg","source_url":"https:\/\/www.porlalibreedomex.com\/wp-content\/uploads\/2023\/09\/La-Presidenta-Honoraria-del-DIF-municipal-de-Metepec-acompano-en-todo-momento-a-su-esposo-en-esta-celebracion-lo-mismo-que-los-miembros-del-Cabildo-150x150.jpeg"},"colormag-featured-image-large":{"file":"La-Presidenta-Honoraria-del-DIF-municipal-de-Metepec-acompano-en-todo-momento-a-su-esposo-en-esta-celebracion-lo-mismo-que-los-miembros-del-Cabildo-1280x600.jpeg","width":1280,"height":600,"filesize":89445,"mime_type":"image\/jpeg","source_url":"https:\/\/www.porlalibreedomex.com\/wp-content\/uploads\/2023\/09\/La-Presidenta-Honoraria-del-DIF-municipal-de-Metepec-acompano-en-todo-momento-a-su-esposo-en-esta-celebracion-lo-mismo-que-los-miembros-del-Cabildo-1280x600.jpeg"},"full":{"file":"La-Presidenta-Honoraria-del-DIF-municipal-de-Metepec-acompano-en-todo-momento-a-su-esposo-en-esta-celebracion-lo-mismo-que-los-miembros-del-Cabildo.jpeg","width":1280,"height":853,"mime_type":"image\/jpeg","source_url":"https:\/\/www.porlalibreedomex.com\/wp-content\/uploads\/2023\/09\/La-Presidenta-Honoraria-del-DIF-municipal-de-Metepec-acompano-en-todo-momento-a-su-esposo-en-esta-celebracion-lo-mismo-que-los-miembros-del-Cabildo.jpeg"}},"image_meta":{"aperture":"0","credit":"","camera":"","caption":"","created_timestamp":"0","copyright":"","focal_length":"0","iso":"0","shutter_speed":"0","title":"","orientation":"0","keywords":[]}},"post":66128,"source_url":"https:\/\/www.porlalibreedomex.com\/wp-content\/uploads\/2023\/09\/La-Presidenta-Honoraria-del-DIF-municipal-de-Metepec-acompano-en-todo-momento-a-su-esposo-en-esta-celebracion-lo-mismo-que-los-miembros-del-Cabildo.jpeg","_links":{"self":[{"href":"https:\/\/www.porlalibreedomex.com\/index.php?rest_route=\/wp\/v2\/media\/66131","targetHints":{"allow":["GET"]}}],"collection":[{"href":"https:\/\/www.porlalibreedomex.com\/index.php?rest_route=\/wp\/v2\/media"}],"about":[{"href":"https:\/\/www.porlalibreedomex.com\/index.php?rest_route=\/wp\/v2\/types\/attachment"}],"author":[{"embeddable":true,"href":"https:\/\/www.porlalibreedomex.com\/index.php?rest_route=\/wp\/v2\/users\/3"}],"replies":[{"embeddable":true,"href":"https:\/\/www.porlalibreedomex.com\/index.php?rest_route=%2Fwp%2Fv2%2Fcomments&post=66131"}],"wp:attached-to":[{"embeddable":true,"post_type":"post","id":66128,"href":"https:\/\/www.porlalibreedomex.com\/index.php?rest_route=\/wp\/v2\/posts\/66128"}],"curies":[{"name":"wp","href":"https:\/\/api.w.org\/{rel}","templated":true}]}}

La Presidenta Honoraria del DIF municipal de Metepec, acompañó en todo momento a su esposo en esta celebración, lo mismo que los miembros del Cabildo.

<p>La Presidenta Honoraria del DIF municipal de Metepec, Iraí Albarrán Segura, acompañó en todo momento a su esposo en esta celebración, lo mismo que los miembros del Cabildo.</p>
