{"id":66130,"date":"2023-09-17T02:19:34","date_gmt":"2023-09-17T08:19:34","guid":{"rendered":"http:\/\/porlalibreedomex.com\/wp-content\/uploads\/2023\/09\/Como-parte-del-programa-el-Presidente-Municipal-acompanado-por-el-Comisario-Jesus-Ramirez-Manzur-dejo-en-libertad-a-los-detenidos-por-faltas-administrativas.jpeg"},"modified":"2023-09-17T02:19:34","modified_gmt":"2023-09-17T08:19:34","slug":"como-parte-del-programa-el-presidente-municipal-acompanado-por-el-comisario-jesus-ramirez-manzur-dejo-en-libertad-a-los-detenidos-por-faltas-administrativas","status":"inherit","type":"attachment","link":"https:\/\/www.porlalibreedomex.com\/?attachment_id=66130","title":{"rendered":"Como parte del programa, el Presidente Municipal, acompa\u00f1ado por el Comisario Jes\u00fas Ram\u00edrez Manzur, dej\u00f3 en libertad a los detenidos por faltas administrativas."},"author":3,"featured_media":0,"comment_status":"open","ping_status":"closed","template":"","meta":[],"class_list":["post-66130","attachment","type-attachment","status-inherit"],"description":{"rendered":"<p class=\"attachment\"><a href='https:\/\/www.porlalibreedomex.com\/wp-content\/uploads\/2023\/09\/Como-parte-del-programa-el-Presidente-Municipal-acompanado-por-el-Comisario-Jesus-Ramirez-Manzur-dejo-en-libertad-a-los-detenidos-por-faltas-administrativas.jpeg'><img loading=\"lazy\" decoding=\"async\" width=\"300\" height=\"200\" src=\"https:\/\/www.porlalibreedomex.com\/wp-content\/uploads\/2023\/09\/Como-parte-del-programa-el-Presidente-Municipal-acompanado-por-el-Comisario-Jesus-Ramirez-Manzur-dejo-en-libertad-a-los-detenidos-por-faltas-administrativas-300x200.jpeg\" class=\"attachment-medium size-medium\" alt=\"\" srcset=\"https:\/\/www.porlalibreedomex.com\/wp-content\/uploads\/2023\/09\/Como-parte-del-programa-el-Presidente-Municipal-acompanado-por-el-Comisario-Jesus-Ramirez-Manzur-dejo-en-libertad-a-los-detenidos-por-faltas-administrativas-300x200.jpeg 300w, https:\/\/www.porlalibreedomex.com\/wp-content\/uploads\/2023\/09\/Como-parte-del-programa-el-Presidente-Municipal-acompanado-por-el-Comisario-Jesus-Ramirez-Manzur-dejo-en-libertad-a-los-detenidos-por-faltas-administrativas-1024x682.jpeg 1024w, https:\/\/www.porlalibreedomex.com\/wp-content\/uploads\/2023\/09\/Como-parte-del-programa-el-Presidente-Municipal-acompanado-por-el-Comisario-Jesus-Ramirez-Manzur-dejo-en-libertad-a-los-detenidos-por-faltas-administrativas-768x512.jpeg 768w, https:\/\/www.porlalibreedomex.com\/wp-content\/uploads\/2023\/09\/Como-parte-del-programa-el-Presidente-Municipal-acompanado-por-el-Comisario-Jesus-Ramirez-Manzur-dejo-en-libertad-a-los-detenidos-por-faltas-administrativas.jpeg 1280w\" sizes=\"auto, (max-width: 300px) 100vw, 300px\" \/><\/a><\/p>\n"},"caption":{"rendered":""},"alt_text":"","media_type":"image","mime_type":"image\/jpeg","media_details":{"width":1280,"height":853,"file":"2023\/09\/Como-parte-del-programa-el-Presidente-Municipal-acompanado-por-el-Comisario-Jesus-Ramirez-Manzur-dejo-en-libertad-a-los-detenidos-por-faltas-administrativas.jpeg","filesize":104861,"sizes":{"medium":{"file":"Como-parte-del-programa-el-Presidente-Municipal-acompanado-por-el-Comisario-Jesus-Ramirez-Manzur-dejo-en-libertad-a-los-detenidos-por-faltas-administrativas-300x200.jpeg","width":300,"height":200,"filesize":12782,"mime_type":"image\/jpeg","source_url":"https:\/\/www.porlalibreedomex.com\/wp-content\/uploads\/2023\/09\/Como-parte-del-programa-el-Presidente-Municipal-acompanado-por-el-Comisario-Jesus-Ramirez-Manzur-dejo-en-libertad-a-los-detenidos-por-faltas-administrativas-300x200.jpeg"},"large":{"file":"Como-parte-del-programa-el-Presidente-Municipal-acompanado-por-el-Comisario-Jesus-Ramirez-Manzur-dejo-en-libertad-a-los-detenidos-por-faltas-administrativas-1024x682.jpeg","width":1024,"height":682,"filesize":85526,"mime_type":"image\/jpeg","source_url":"https:\/\/www.porlalibreedomex.com\/wp-content\/uploads\/2023\/09\/Como-parte-del-programa-el-Presidente-Municipal-acompanado-por-el-Comisario-Jesus-Ramirez-Manzur-dejo-en-libertad-a-los-detenidos-por-faltas-administrativas-1024x682.jpeg"},"thumbnail":{"file":"Como-parte-del-programa-el-Presidente-Municipal-acompanado-por-el-Comisario-Jesus-Ramirez-Manzur-dejo-en-libertad-a-los-detenidos-por-faltas-administrativas-150x150.jpeg","width":150,"height":150,"filesize":5587,"mime_type":"image\/jpeg","source_url":"https:\/\/www.porlalibreedomex.com\/wp-content\/uploads\/2023\/09\/Como-parte-del-programa-el-Presidente-Municipal-acompanado-por-el-Comisario-Jesus-Ramirez-Manzur-dejo-en-libertad-a-los-detenidos-por-faltas-administrativas-150x150.jpeg"},"medium_large":{"file":"Como-parte-del-programa-el-Presidente-Municipal-acompanado-por-el-Comisario-Jesus-Ramirez-Manzur-dejo-en-libertad-a-los-detenidos-por-faltas-administrativas-768x512.jpeg","width":768,"height":512,"filesize":55530,"mime_type":"image\/jpeg","source_url":"https:\/\/www.porlalibreedomex.com\/wp-content\/uploads\/2023\/09\/Como-parte-del-programa-el-Presidente-Municipal-acompanado-por-el-Comisario-Jesus-Ramirez-Manzur-dejo-en-libertad-a-los-detenidos-por-faltas-administrativas-768x512.jpeg"},"colormag-highlighted-post":{"file":"Como-parte-del-programa-el-Presidente-Municipal-acompanado-por-el-Comisario-Jesus-Ramirez-Manzur-dejo-en-libertad-a-los-detenidos-por-faltas-administrativas-392x272.jpeg","width":392,"height":272,"filesize":19626,"mime_type":"image\/jpeg","source_url":"https:\/\/www.porlalibreedomex.com\/wp-content\/uploads\/2023\/09\/Como-parte-del-programa-el-Presidente-Municipal-acompanado-por-el-Comisario-Jesus-Ramirez-Manzur-dejo-en-libertad-a-los-detenidos-por-faltas-administrativas-392x272.jpeg"},"colormag-featured-post-medium":{"file":"Como-parte-del-programa-el-Presidente-Municipal-acompanado-por-el-Comisario-Jesus-Ramirez-Manzur-dejo-en-libertad-a-los-detenidos-por-faltas-administrativas-390x205.jpeg","width":390,"height":205,"filesize":16518,"mime_type":"image\/jpeg","source_url":"https:\/\/www.porlalibreedomex.com\/wp-content\/uploads\/2023\/09\/Como-parte-del-programa-el-Presidente-Municipal-acompanado-por-el-Comisario-Jesus-Ramirez-Manzur-dejo-en-libertad-a-los-detenidos-por-faltas-administrativas-390x205.jpeg"},"colormag-featured-post-small":{"file":"Como-parte-del-programa-el-Presidente-Municipal-acompanado-por-el-Comisario-Jesus-Ramirez-Manzur-dejo-en-libertad-a-los-detenidos-por-faltas-administrativas-130x90.jpeg","width":130,"height":90,"filesize":3626,"mime_type":"image\/jpeg","source_url":"https:\/\/www.porlalibreedomex.com\/wp-content\/uploads\/2023\/09\/Como-parte-del-programa-el-Presidente-Municipal-acompanado-por-el-Comisario-Jesus-Ramirez-Manzur-dejo-en-libertad-a-los-detenidos-por-faltas-administrativas-130x90.jpeg"},"colormag-featured-image":{"file":"Como-parte-del-programa-el-Presidente-Municipal-acompanado-por-el-Comisario-Jesus-Ramirez-Manzur-dejo-en-libertad-a-los-detenidos-por-faltas-administrativas-800x445.jpeg","width":800,"height":445,"filesize":51610,"mime_type":"image\/jpeg","source_url":"https:\/\/www.porlalibreedomex.com\/wp-content\/uploads\/2023\/09\/Como-parte-del-programa-el-Presidente-Municipal-acompanado-por-el-Comisario-Jesus-Ramirez-Manzur-dejo-en-libertad-a-los-detenidos-por-faltas-administrativas-800x445.jpeg"},"colormag-default-news":{"file":"Como-parte-del-programa-el-Presidente-Municipal-acompanado-por-el-Comisario-Jesus-Ramirez-Manzur-dejo-en-libertad-a-los-detenidos-por-faltas-administrativas-150x150.jpeg","width":150,"height":150,"filesize":5587,"mime_type":"image\/jpeg","source_url":"https:\/\/www.porlalibreedomex.com\/wp-content\/uploads\/2023\/09\/Como-parte-del-programa-el-Presidente-Municipal-acompanado-por-el-Comisario-Jesus-Ramirez-Manzur-dejo-en-libertad-a-los-detenidos-por-faltas-administrativas-150x150.jpeg"},"colormag-featured-image-large":{"file":"Como-parte-del-programa-el-Presidente-Municipal-acompanado-por-el-Comisario-Jesus-Ramirez-Manzur-dejo-en-libertad-a-los-detenidos-por-faltas-administrativas-1280x600.jpeg","width":1280,"height":600,"filesize":92394,"mime_type":"image\/jpeg","source_url":"https:\/\/www.porlalibreedomex.com\/wp-content\/uploads\/2023\/09\/Como-parte-del-programa-el-Presidente-Municipal-acompanado-por-el-Comisario-Jesus-Ramirez-Manzur-dejo-en-libertad-a-los-detenidos-por-faltas-administrativas-1280x600.jpeg"},"full":{"file":"Como-parte-del-programa-el-Presidente-Municipal-acompanado-por-el-Comisario-Jesus-Ramirez-Manzur-dejo-en-libertad-a-los-detenidos-por-faltas-administrativas.jpeg","width":1280,"height":853,"mime_type":"image\/jpeg","source_url":"https:\/\/www.porlalibreedomex.com\/wp-content\/uploads\/2023\/09\/Como-parte-del-programa-el-Presidente-Municipal-acompanado-por-el-Comisario-Jesus-Ramirez-Manzur-dejo-en-libertad-a-los-detenidos-por-faltas-administrativas.jpeg"}},"image_meta":{"aperture":"0","credit":"","camera":"","caption":"","created_timestamp":"0","copyright":"","focal_length":"0","iso":"0","shutter_speed":"0","title":"","orientation":"0","keywords":[]}},"post":66128,"source_url":"https:\/\/www.porlalibreedomex.com\/wp-content\/uploads\/2023\/09\/Como-parte-del-programa-el-Presidente-Municipal-acompanado-por-el-Comisario-Jesus-Ramirez-Manzur-dejo-en-libertad-a-los-detenidos-por-faltas-administrativas.jpeg","_links":{"self":[{"href":"https:\/\/www.porlalibreedomex.com\/index.php?rest_route=\/wp\/v2\/media\/66130","targetHints":{"allow":["GET"]}}],"collection":[{"href":"https:\/\/www.porlalibreedomex.com\/index.php?rest_route=\/wp\/v2\/media"}],"about":[{"href":"https:\/\/www.porlalibreedomex.com\/index.php?rest_route=\/wp\/v2\/types\/attachment"}],"author":[{"embeddable":true,"href":"https:\/\/www.porlalibreedomex.com\/index.php?rest_route=\/wp\/v2\/users\/3"}],"replies":[{"embeddable":true,"href":"https:\/\/www.porlalibreedomex.com\/index.php?rest_route=%2Fwp%2Fv2%2Fcomments&post=66130"}],"wp:attached-to":[{"embeddable":true,"post_type":"post","id":66128,"href":"https:\/\/www.porlalibreedomex.com\/index.php?rest_route=\/wp\/v2\/posts\/66128"}],"curies":[{"name":"wp","href":"https:\/\/api.w.org\/{rel}","templated":true}]}}

Como parte del programa, el Presidente Municipal, acompañado por el Comisario Jesús Ramírez Manzur, dejó en libertad a los detenidos por faltas administrativas.
