{"id":62440,"date":"2022-11-17T01:04:38","date_gmt":"2022-11-17T07:04:38","guid":{"rendered":"https:\/\/www.porlalibreedomex.com\/wp-content\/uploads\/2022\/11\/La-colocacion-de-la-Venera-de-Honor-por-parte-del-Presidente-de-la-SOMEGEM-German-Garcia-Salgado..jpg"},"modified":"2022-11-17T01:13:43","modified_gmt":"2022-11-17T07:13:43","slug":"la-colocacion-de-la-venera-de-honor-por-parte-del-presidente-de-la-somegem-german-garcia-salgado","status":"inherit","type":"attachment","link":"https:\/\/www.porlalibreedomex.com\/?attachment_id=62440","title":{"rendered":"La colocaci\u00f3n de la Venera de Honor, por parte del Presidente de la SOMEGEM, Germ\u00e1n Garc\u00eda Salgado."},"author":3,"featured_media":0,"comment_status":"open","ping_status":"closed","template":"","meta":[],"class_list":["post-62440","attachment","type-attachment","status-inherit"],"description":{"rendered":"<p class=\"attachment\"><a href='https:\/\/www.porlalibreedomex.com\/wp-content\/uploads\/2022\/11\/La-colocacion-de-la-Venera-de-Honor-por-parte-del-Presidente-de-la-SOMEGEM-German-Garcia-Salgado..jpg'><img loading=\"lazy\" decoding=\"async\" width=\"300\" height=\"200\" src=\"https:\/\/www.porlalibreedomex.com\/wp-content\/uploads\/2022\/11\/La-colocacion-de-la-Venera-de-Honor-por-parte-del-Presidente-de-la-SOMEGEM-German-Garcia-Salgado.-300x200.jpg\" class=\"attachment-medium size-medium\" alt=\"\" srcset=\"https:\/\/www.porlalibreedomex.com\/wp-content\/uploads\/2022\/11\/La-colocacion-de-la-Venera-de-Honor-por-parte-del-Presidente-de-la-SOMEGEM-German-Garcia-Salgado.-300x200.jpg 300w, https:\/\/www.porlalibreedomex.com\/wp-content\/uploads\/2022\/11\/La-colocacion-de-la-Venera-de-Honor-por-parte-del-Presidente-de-la-SOMEGEM-German-Garcia-Salgado.-1024x682.jpg 1024w, https:\/\/www.porlalibreedomex.com\/wp-content\/uploads\/2022\/11\/La-colocacion-de-la-Venera-de-Honor-por-parte-del-Presidente-de-la-SOMEGEM-German-Garcia-Salgado.-768x512.jpg 768w, https:\/\/www.porlalibreedomex.com\/wp-content\/uploads\/2022\/11\/La-colocacion-de-la-Venera-de-Honor-por-parte-del-Presidente-de-la-SOMEGEM-German-Garcia-Salgado..jpg 1280w\" sizes=\"auto, (max-width: 300px) 100vw, 300px\" \/><\/a><\/p>\n"},"caption":{"rendered":"<p>La colocaci\u00f3n de la Venera de Honor, por parte del Presidente de la SOMEGEM, Germ\u00e1n Garc\u00eda Salgado.<\/p>\n"},"alt_text":"","media_type":"image","mime_type":"image\/jpeg","media_details":{"width":1280,"height":853,"file":"2022\/11\/La-colocacion-de-la-Venera-de-Honor-por-parte-del-Presidente-de-la-SOMEGEM-German-Garcia-Salgado..jpg","filesize":232204,"sizes":{"medium":{"file":"La-colocacion-de-la-Venera-de-Honor-por-parte-del-Presidente-de-la-SOMEGEM-German-Garcia-Salgado.-300x200.jpg","width":300,"height":200,"filesize":14891,"mime_type":"image\/jpeg","source_url":"https:\/\/www.porlalibreedomex.com\/wp-content\/uploads\/2022\/11\/La-colocacion-de-la-Venera-de-Honor-por-parte-del-Presidente-de-la-SOMEGEM-German-Garcia-Salgado.-300x200.jpg"},"large":{"file":"La-colocacion-de-la-Venera-de-Honor-por-parte-del-Presidente-de-la-SOMEGEM-German-Garcia-Salgado.-1024x682.jpg","width":1024,"height":682,"filesize":95875,"mime_type":"image\/jpeg","source_url":"https:\/\/www.porlalibreedomex.com\/wp-content\/uploads\/2022\/11\/La-colocacion-de-la-Venera-de-Honor-por-parte-del-Presidente-de-la-SOMEGEM-German-Garcia-Salgado.-1024x682.jpg"},"thumbnail":{"file":"La-colocacion-de-la-Venera-de-Honor-por-parte-del-Presidente-de-la-SOMEGEM-German-Garcia-Salgado.-150x150.jpg","width":150,"height":150,"filesize":6879,"mime_type":"image\/jpeg","source_url":"https:\/\/www.porlalibreedomex.com\/wp-content\/uploads\/2022\/11\/La-colocacion-de-la-Venera-de-Honor-por-parte-del-Presidente-de-la-SOMEGEM-German-Garcia-Salgado.-150x150.jpg"},"medium_large":{"file":"La-colocacion-de-la-Venera-de-Honor-por-parte-del-Presidente-de-la-SOMEGEM-German-Garcia-Salgado.-768x512.jpg","width":768,"height":512,"filesize":61521,"mime_type":"image\/jpeg","source_url":"https:\/\/www.porlalibreedomex.com\/wp-content\/uploads\/2022\/11\/La-colocacion-de-la-Venera-de-Honor-por-parte-del-Presidente-de-la-SOMEGEM-German-Garcia-Salgado.-768x512.jpg"},"colormag-highlighted-post":{"file":"La-colocacion-de-la-Venera-de-Honor-por-parte-del-Presidente-de-la-SOMEGEM-German-Garcia-Salgado.-392x272.jpg","width":392,"height":272,"filesize":22504,"mime_type":"image\/jpeg","source_url":"https:\/\/www.porlalibreedomex.com\/wp-content\/uploads\/2022\/11\/La-colocacion-de-la-Venera-de-Honor-por-parte-del-Presidente-de-la-SOMEGEM-German-Garcia-Salgado.-392x272.jpg"},"colormag-featured-post-medium":{"file":"La-colocacion-de-la-Venera-de-Honor-por-parte-del-Presidente-de-la-SOMEGEM-German-Garcia-Salgado.-390x205.jpg","width":390,"height":205,"filesize":16591,"mime_type":"image\/jpeg","source_url":"https:\/\/www.porlalibreedomex.com\/wp-content\/uploads\/2022\/11\/La-colocacion-de-la-Venera-de-Honor-por-parte-del-Presidente-de-la-SOMEGEM-German-Garcia-Salgado.-390x205.jpg"},"colormag-featured-post-small":{"file":"La-colocacion-de-la-Venera-de-Honor-por-parte-del-Presidente-de-la-SOMEGEM-German-Garcia-Salgado.-130x90.jpg","width":130,"height":90,"filesize":4705,"mime_type":"image\/jpeg","source_url":"https:\/\/www.porlalibreedomex.com\/wp-content\/uploads\/2022\/11\/La-colocacion-de-la-Venera-de-Honor-por-parte-del-Presidente-de-la-SOMEGEM-German-Garcia-Salgado.-130x90.jpg"},"colormag-featured-image":{"file":"La-colocacion-de-la-Venera-de-Honor-por-parte-del-Presidente-de-la-SOMEGEM-German-Garcia-Salgado.-800x445.jpg","width":800,"height":445,"filesize":52965,"mime_type":"image\/jpeg","source_url":"https:\/\/www.porlalibreedomex.com\/wp-content\/uploads\/2022\/11\/La-colocacion-de-la-Venera-de-Honor-por-parte-del-Presidente-de-la-SOMEGEM-German-Garcia-Salgado.-800x445.jpg"},"full":{"file":"La-colocacion-de-la-Venera-de-Honor-por-parte-del-Presidente-de-la-SOMEGEM-German-Garcia-Salgado..jpg","width":1280,"height":853,"mime_type":"image\/jpeg","source_url":"https:\/\/www.porlalibreedomex.com\/wp-content\/uploads\/2022\/11\/La-colocacion-de-la-Venera-de-Honor-por-parte-del-Presidente-de-la-SOMEGEM-German-Garcia-Salgado..jpg"}},"image_meta":{"aperture":"0","credit":"","camera":"","caption":"","created_timestamp":"0","copyright":"","focal_length":"0","iso":"0","shutter_speed":"0","title":"","orientation":"0","keywords":[]}},"post":62436,"source_url":"https:\/\/www.porlalibreedomex.com\/wp-content\/uploads\/2022\/11\/La-colocacion-de-la-Venera-de-Honor-por-parte-del-Presidente-de-la-SOMEGEM-German-Garcia-Salgado..jpg","_links":{"self":[{"href":"https:\/\/www.porlalibreedomex.com\/index.php?rest_route=\/wp\/v2\/media\/62440","targetHints":{"allow":["GET"]}}],"collection":[{"href":"https:\/\/www.porlalibreedomex.com\/index.php?rest_route=\/wp\/v2\/media"}],"about":[{"href":"https:\/\/www.porlalibreedomex.com\/index.php?rest_route=\/wp\/v2\/types\/attachment"}],"author":[{"embeddable":true,"href":"https:\/\/www.porlalibreedomex.com\/index.php?rest_route=\/wp\/v2\/users\/3"}],"replies":[{"embeddable":true,"href":"https:\/\/www.porlalibreedomex.com\/index.php?rest_route=%2Fwp%2Fv2%2Fcomments&post=62440"}],"wp:attached-to":[{"embeddable":true,"post_type":"post","id":62436,"href":"https:\/\/www.porlalibreedomex.com\/index.php?rest_route=\/wp\/v2\/posts\/62436"}],"curies":[{"name":"wp","href":"https:\/\/api.w.org\/{rel}","templated":true}]}}

La colocación de la Venera de Honor, por parte del Presidente de la SOMEGEM, Germán García Salgado.

<p>La colocación de la Venera de Honor, por parte del Presidente de la SOMEGEM, Germán García Salgado.</p>
