{"id":62439,"date":"2022-11-17T01:04:04","date_gmt":"2022-11-17T07:04:04","guid":{"rendered":"https:\/\/www.porlalibreedomex.com\/wp-content\/uploads\/2022\/11\/Fernando-Flores-Alcalde-de-Metepec-muestra-el-Pergamino-al-Merito-Presidente-Adolfo-Lopez-Mateos-que-le-entrego-la-SOMEGEM.jpg"},"modified":"2022-11-17T01:12:52","modified_gmt":"2022-11-17T07:12:52","slug":"fernando-flores-alcalde-de-metepec-muestra-el-pergamino-al-merito-presidente-adolfo-lopez-mateos-que-le-entrego-la-somegem","status":"inherit","type":"attachment","link":"https:\/\/www.porlalibreedomex.com\/?attachment_id=62439","title":{"rendered":"Fernando Flores, Alcalde de Metepec, muestra el Pergamino al M\u00e9rito Presidente Adolfo L\u00f3pez Mateos, que le entreg\u00f3 la SOMEGEM"},"author":3,"featured_media":0,"comment_status":"open","ping_status":"closed","template":"","meta":[],"class_list":["post-62439","attachment","type-attachment","status-inherit"],"description":{"rendered":"<p class=\"attachment\"><a href='https:\/\/www.porlalibreedomex.com\/wp-content\/uploads\/2022\/11\/Fernando-Flores-Alcalde-de-Metepec-muestra-el-Pergamino-al-Merito-Presidente-Adolfo-Lopez-Mateos-que-le-entrego-la-SOMEGEM.jpg'><img loading=\"lazy\" decoding=\"async\" width=\"300\" height=\"200\" src=\"https:\/\/www.porlalibreedomex.com\/wp-content\/uploads\/2022\/11\/Fernando-Flores-Alcalde-de-Metepec-muestra-el-Pergamino-al-Merito-Presidente-Adolfo-Lopez-Mateos-que-le-entrego-la-SOMEGEM-300x200.jpg\" class=\"attachment-medium size-medium\" alt=\"\" srcset=\"https:\/\/www.porlalibreedomex.com\/wp-content\/uploads\/2022\/11\/Fernando-Flores-Alcalde-de-Metepec-muestra-el-Pergamino-al-Merito-Presidente-Adolfo-Lopez-Mateos-que-le-entrego-la-SOMEGEM-300x200.jpg 300w, https:\/\/www.porlalibreedomex.com\/wp-content\/uploads\/2022\/11\/Fernando-Flores-Alcalde-de-Metepec-muestra-el-Pergamino-al-Merito-Presidente-Adolfo-Lopez-Mateos-que-le-entrego-la-SOMEGEM-1024x682.jpg 1024w, https:\/\/www.porlalibreedomex.com\/wp-content\/uploads\/2022\/11\/Fernando-Flores-Alcalde-de-Metepec-muestra-el-Pergamino-al-Merito-Presidente-Adolfo-Lopez-Mateos-que-le-entrego-la-SOMEGEM-768x512.jpg 768w, https:\/\/www.porlalibreedomex.com\/wp-content\/uploads\/2022\/11\/Fernando-Flores-Alcalde-de-Metepec-muestra-el-Pergamino-al-Merito-Presidente-Adolfo-Lopez-Mateos-que-le-entrego-la-SOMEGEM.jpg 1280w\" sizes=\"auto, (max-width: 300px) 100vw, 300px\" \/><\/a><\/p>\n"},"caption":{"rendered":"<p>Fernando Flores, Alcalde de Metepec, muestra el Pergamino al M\u00e9rito Presidente Adolfo L\u00f3pez Mateos, que le entreg\u00f3 la SOMEGEM<\/p>\n"},"alt_text":"","media_type":"image","mime_type":"image\/jpeg","media_details":{"width":1280,"height":853,"file":"2022\/11\/Fernando-Flores-Alcalde-de-Metepec-muestra-el-Pergamino-al-Merito-Presidente-Adolfo-Lopez-Mateos-que-le-entrego-la-SOMEGEM.jpg","filesize":235437,"sizes":{"medium":{"file":"Fernando-Flores-Alcalde-de-Metepec-muestra-el-Pergamino-al-Merito-Presidente-Adolfo-Lopez-Mateos-que-le-entrego-la-SOMEGEM-300x200.jpg","width":300,"height":200,"filesize":17496,"mime_type":"image\/jpeg","source_url":"https:\/\/www.porlalibreedomex.com\/wp-content\/uploads\/2022\/11\/Fernando-Flores-Alcalde-de-Metepec-muestra-el-Pergamino-al-Merito-Presidente-Adolfo-Lopez-Mateos-que-le-entrego-la-SOMEGEM-300x200.jpg"},"large":{"file":"Fernando-Flores-Alcalde-de-Metepec-muestra-el-Pergamino-al-Merito-Presidente-Adolfo-Lopez-Mateos-que-le-entrego-la-SOMEGEM-1024x682.jpg","width":1024,"height":682,"filesize":105589,"mime_type":"image\/jpeg","source_url":"https:\/\/www.porlalibreedomex.com\/wp-content\/uploads\/2022\/11\/Fernando-Flores-Alcalde-de-Metepec-muestra-el-Pergamino-al-Merito-Presidente-Adolfo-Lopez-Mateos-que-le-entrego-la-SOMEGEM-1024x682.jpg"},"thumbnail":{"file":"Fernando-Flores-Alcalde-de-Metepec-muestra-el-Pergamino-al-Merito-Presidente-Adolfo-Lopez-Mateos-que-le-entrego-la-SOMEGEM-150x150.jpg","width":150,"height":150,"filesize":8234,"mime_type":"image\/jpeg","source_url":"https:\/\/www.porlalibreedomex.com\/wp-content\/uploads\/2022\/11\/Fernando-Flores-Alcalde-de-Metepec-muestra-el-Pergamino-al-Merito-Presidente-Adolfo-Lopez-Mateos-que-le-entrego-la-SOMEGEM-150x150.jpg"},"medium_large":{"file":"Fernando-Flores-Alcalde-de-Metepec-muestra-el-Pergamino-al-Merito-Presidente-Adolfo-Lopez-Mateos-que-le-entrego-la-SOMEGEM-768x512.jpg","width":768,"height":512,"filesize":68944,"mime_type":"image\/jpeg","source_url":"https:\/\/www.porlalibreedomex.com\/wp-content\/uploads\/2022\/11\/Fernando-Flores-Alcalde-de-Metepec-muestra-el-Pergamino-al-Merito-Presidente-Adolfo-Lopez-Mateos-que-le-entrego-la-SOMEGEM-768x512.jpg"},"colormag-highlighted-post":{"file":"Fernando-Flores-Alcalde-de-Metepec-muestra-el-Pergamino-al-Merito-Presidente-Adolfo-Lopez-Mateos-que-le-entrego-la-SOMEGEM-392x272.jpg","width":392,"height":272,"filesize":26260,"mime_type":"image\/jpeg","source_url":"https:\/\/www.porlalibreedomex.com\/wp-content\/uploads\/2022\/11\/Fernando-Flores-Alcalde-de-Metepec-muestra-el-Pergamino-al-Merito-Presidente-Adolfo-Lopez-Mateos-que-le-entrego-la-SOMEGEM-392x272.jpg"},"colormag-featured-post-medium":{"file":"Fernando-Flores-Alcalde-de-Metepec-muestra-el-Pergamino-al-Merito-Presidente-Adolfo-Lopez-Mateos-que-le-entrego-la-SOMEGEM-390x205.jpg","width":390,"height":205,"filesize":21710,"mime_type":"image\/jpeg","source_url":"https:\/\/www.porlalibreedomex.com\/wp-content\/uploads\/2022\/11\/Fernando-Flores-Alcalde-de-Metepec-muestra-el-Pergamino-al-Merito-Presidente-Adolfo-Lopez-Mateos-que-le-entrego-la-SOMEGEM-390x205.jpg"},"colormag-featured-post-small":{"file":"Fernando-Flores-Alcalde-de-Metepec-muestra-el-Pergamino-al-Merito-Presidente-Adolfo-Lopez-Mateos-que-le-entrego-la-SOMEGEM-130x90.jpg","width":130,"height":90,"filesize":5241,"mime_type":"image\/jpeg","source_url":"https:\/\/www.porlalibreedomex.com\/wp-content\/uploads\/2022\/11\/Fernando-Flores-Alcalde-de-Metepec-muestra-el-Pergamino-al-Merito-Presidente-Adolfo-Lopez-Mateos-que-le-entrego-la-SOMEGEM-130x90.jpg"},"colormag-featured-image":{"file":"Fernando-Flores-Alcalde-de-Metepec-muestra-el-Pergamino-al-Merito-Presidente-Adolfo-Lopez-Mateos-que-le-entrego-la-SOMEGEM-800x445.jpg","width":800,"height":445,"filesize":64986,"mime_type":"image\/jpeg","source_url":"https:\/\/www.porlalibreedomex.com\/wp-content\/uploads\/2022\/11\/Fernando-Flores-Alcalde-de-Metepec-muestra-el-Pergamino-al-Merito-Presidente-Adolfo-Lopez-Mateos-que-le-entrego-la-SOMEGEM-800x445.jpg"},"full":{"file":"Fernando-Flores-Alcalde-de-Metepec-muestra-el-Pergamino-al-Merito-Presidente-Adolfo-Lopez-Mateos-que-le-entrego-la-SOMEGEM.jpg","width":1280,"height":853,"mime_type":"image\/jpeg","source_url":"https:\/\/www.porlalibreedomex.com\/wp-content\/uploads\/2022\/11\/Fernando-Flores-Alcalde-de-Metepec-muestra-el-Pergamino-al-Merito-Presidente-Adolfo-Lopez-Mateos-que-le-entrego-la-SOMEGEM.jpg"}},"image_meta":{"aperture":"0","credit":"","camera":"","caption":"","created_timestamp":"0","copyright":"","focal_length":"0","iso":"0","shutter_speed":"0","title":"","orientation":"0","keywords":[]}},"post":62436,"source_url":"https:\/\/www.porlalibreedomex.com\/wp-content\/uploads\/2022\/11\/Fernando-Flores-Alcalde-de-Metepec-muestra-el-Pergamino-al-Merito-Presidente-Adolfo-Lopez-Mateos-que-le-entrego-la-SOMEGEM.jpg","_links":{"self":[{"href":"https:\/\/www.porlalibreedomex.com\/index.php?rest_route=\/wp\/v2\/media\/62439","targetHints":{"allow":["GET"]}}],"collection":[{"href":"https:\/\/www.porlalibreedomex.com\/index.php?rest_route=\/wp\/v2\/media"}],"about":[{"href":"https:\/\/www.porlalibreedomex.com\/index.php?rest_route=\/wp\/v2\/types\/attachment"}],"author":[{"embeddable":true,"href":"https:\/\/www.porlalibreedomex.com\/index.php?rest_route=\/wp\/v2\/users\/3"}],"replies":[{"embeddable":true,"href":"https:\/\/www.porlalibreedomex.com\/index.php?rest_route=%2Fwp%2Fv2%2Fcomments&post=62439"}],"wp:attached-to":[{"embeddable":true,"post_type":"post","id":62436,"href":"https:\/\/www.porlalibreedomex.com\/index.php?rest_route=\/wp\/v2\/posts\/62436"}],"curies":[{"name":"wp","href":"https:\/\/api.w.org\/{rel}","templated":true}]}}

Fernando Flores, Alcalde de Metepec, muestra el Pergamino al Mérito Presidente Adolfo López Mateos, que le entregó la SOMEGEM

<p>Fernando Flores, Alcalde de Metepec, muestra el Pergamino al Mérito Presidente Adolfo López Mateos, que le entregó la SOMEGEM</p>
