{"id":62438,"date":"2022-11-17T01:03:21","date_gmt":"2022-11-17T07:03:21","guid":{"rendered":"https:\/\/www.porlalibreedomex.com\/wp-content\/uploads\/2022\/11\/El-Presidente-Municipal-de-Metepec-quien-acudio-con-su-esposa-Irai-Albarran-Segura-a-la-sesion-Solemne-de-la-SOMEGEM.jpg"},"modified":"2022-11-17T01:15:14","modified_gmt":"2022-11-17T07:15:14","slug":"el-presidente-municipal-de-metepec-quien-acudio-con-su-esposa-irai-albarran-segura-a-la-sesion-solemne-de-la-somegem","status":"inherit","type":"attachment","link":"https:\/\/www.porlalibreedomex.com\/?attachment_id=62438","title":{"rendered":"El Presidente Municipal de Metepec, quien acudi\u00f3 con su esposa, Ira\u00ed Albarr\u00e1n Segura, a la sesi\u00f3n Solemne de la SOMEGEM,"},"author":3,"featured_media":0,"comment_status":"open","ping_status":"closed","template":"","meta":[],"class_list":["post-62438","attachment","type-attachment","status-inherit"],"description":{"rendered":"<p class=\"attachment\"><a href='https:\/\/www.porlalibreedomex.com\/wp-content\/uploads\/2022\/11\/El-Presidente-Municipal-de-Metepec-quien-acudio-con-su-esposa-Irai-Albarran-Segura-a-la-sesion-Solemne-de-la-SOMEGEM.jpg'><img loading=\"lazy\" decoding=\"async\" width=\"300\" height=\"200\" src=\"https:\/\/www.porlalibreedomex.com\/wp-content\/uploads\/2022\/11\/El-Presidente-Municipal-de-Metepec-quien-acudio-con-su-esposa-Irai-Albarran-Segura-a-la-sesion-Solemne-de-la-SOMEGEM-300x200.jpg\" class=\"attachment-medium size-medium\" alt=\"\" srcset=\"https:\/\/www.porlalibreedomex.com\/wp-content\/uploads\/2022\/11\/El-Presidente-Municipal-de-Metepec-quien-acudio-con-su-esposa-Irai-Albarran-Segura-a-la-sesion-Solemne-de-la-SOMEGEM-300x200.jpg 300w, https:\/\/www.porlalibreedomex.com\/wp-content\/uploads\/2022\/11\/El-Presidente-Municipal-de-Metepec-quien-acudio-con-su-esposa-Irai-Albarran-Segura-a-la-sesion-Solemne-de-la-SOMEGEM-1024x682.jpg 1024w, https:\/\/www.porlalibreedomex.com\/wp-content\/uploads\/2022\/11\/El-Presidente-Municipal-de-Metepec-quien-acudio-con-su-esposa-Irai-Albarran-Segura-a-la-sesion-Solemne-de-la-SOMEGEM-768x512.jpg 768w, https:\/\/www.porlalibreedomex.com\/wp-content\/uploads\/2022\/11\/El-Presidente-Municipal-de-Metepec-quien-acudio-con-su-esposa-Irai-Albarran-Segura-a-la-sesion-Solemne-de-la-SOMEGEM.jpg 1280w\" sizes=\"auto, (max-width: 300px) 100vw, 300px\" \/><\/a><\/p>\n"},"caption":{"rendered":"<p>El Presidente Municipal de Metepec, quien acudi\u00f3 con su esposa, Ira\u00ed Albarr\u00e1n Segura, a la sesi\u00f3n Solemne de la SOMEGEM,<\/p>\n"},"alt_text":"","media_type":"image","mime_type":"image\/jpeg","media_details":{"width":1280,"height":853,"file":"2022\/11\/El-Presidente-Municipal-de-Metepec-quien-acudio-con-su-esposa-Irai-Albarran-Segura-a-la-sesion-Solemne-de-la-SOMEGEM.jpg","filesize":162630,"sizes":{"medium":{"file":"El-Presidente-Municipal-de-Metepec-quien-acudio-con-su-esposa-Irai-Albarran-Segura-a-la-sesion-Solemne-de-la-SOMEGEM-300x200.jpg","width":300,"height":200,"filesize":11679,"mime_type":"image\/jpeg","source_url":"https:\/\/www.porlalibreedomex.com\/wp-content\/uploads\/2022\/11\/El-Presidente-Municipal-de-Metepec-quien-acudio-con-su-esposa-Irai-Albarran-Segura-a-la-sesion-Solemne-de-la-SOMEGEM-300x200.jpg"},"large":{"file":"El-Presidente-Municipal-de-Metepec-quien-acudio-con-su-esposa-Irai-Albarran-Segura-a-la-sesion-Solemne-de-la-SOMEGEM-1024x682.jpg","width":1024,"height":682,"filesize":68638,"mime_type":"image\/jpeg","source_url":"https:\/\/www.porlalibreedomex.com\/wp-content\/uploads\/2022\/11\/El-Presidente-Municipal-de-Metepec-quien-acudio-con-su-esposa-Irai-Albarran-Segura-a-la-sesion-Solemne-de-la-SOMEGEM-1024x682.jpg"},"thumbnail":{"file":"El-Presidente-Municipal-de-Metepec-quien-acudio-con-su-esposa-Irai-Albarran-Segura-a-la-sesion-Solemne-de-la-SOMEGEM-150x150.jpg","width":150,"height":150,"filesize":5678,"mime_type":"image\/jpeg","source_url":"https:\/\/www.porlalibreedomex.com\/wp-content\/uploads\/2022\/11\/El-Presidente-Municipal-de-Metepec-quien-acudio-con-su-esposa-Irai-Albarran-Segura-a-la-sesion-Solemne-de-la-SOMEGEM-150x150.jpg"},"medium_large":{"file":"El-Presidente-Municipal-de-Metepec-quien-acudio-con-su-esposa-Irai-Albarran-Segura-a-la-sesion-Solemne-de-la-SOMEGEM-768x512.jpg","width":768,"height":512,"filesize":45035,"mime_type":"image\/jpeg","source_url":"https:\/\/www.porlalibreedomex.com\/wp-content\/uploads\/2022\/11\/El-Presidente-Municipal-de-Metepec-quien-acudio-con-su-esposa-Irai-Albarran-Segura-a-la-sesion-Solemne-de-la-SOMEGEM-768x512.jpg"},"colormag-highlighted-post":{"file":"El-Presidente-Municipal-de-Metepec-quien-acudio-con-su-esposa-Irai-Albarran-Segura-a-la-sesion-Solemne-de-la-SOMEGEM-392x272.jpg","width":392,"height":272,"filesize":17414,"mime_type":"image\/jpeg","source_url":"https:\/\/www.porlalibreedomex.com\/wp-content\/uploads\/2022\/11\/El-Presidente-Municipal-de-Metepec-quien-acudio-con-su-esposa-Irai-Albarran-Segura-a-la-sesion-Solemne-de-la-SOMEGEM-392x272.jpg"},"colormag-featured-post-medium":{"file":"El-Presidente-Municipal-de-Metepec-quien-acudio-con-su-esposa-Irai-Albarran-Segura-a-la-sesion-Solemne-de-la-SOMEGEM-390x205.jpg","width":390,"height":205,"filesize":13751,"mime_type":"image\/jpeg","source_url":"https:\/\/www.porlalibreedomex.com\/wp-content\/uploads\/2022\/11\/El-Presidente-Municipal-de-Metepec-quien-acudio-con-su-esposa-Irai-Albarran-Segura-a-la-sesion-Solemne-de-la-SOMEGEM-390x205.jpg"},"colormag-featured-post-small":{"file":"El-Presidente-Municipal-de-Metepec-quien-acudio-con-su-esposa-Irai-Albarran-Segura-a-la-sesion-Solemne-de-la-SOMEGEM-130x90.jpg","width":130,"height":90,"filesize":3935,"mime_type":"image\/jpeg","source_url":"https:\/\/www.porlalibreedomex.com\/wp-content\/uploads\/2022\/11\/El-Presidente-Municipal-de-Metepec-quien-acudio-con-su-esposa-Irai-Albarran-Segura-a-la-sesion-Solemne-de-la-SOMEGEM-130x90.jpg"},"colormag-featured-image":{"file":"El-Presidente-Municipal-de-Metepec-quien-acudio-con-su-esposa-Irai-Albarran-Segura-a-la-sesion-Solemne-de-la-SOMEGEM-800x445.jpg","width":800,"height":445,"filesize":41396,"mime_type":"image\/jpeg","source_url":"https:\/\/www.porlalibreedomex.com\/wp-content\/uploads\/2022\/11\/El-Presidente-Municipal-de-Metepec-quien-acudio-con-su-esposa-Irai-Albarran-Segura-a-la-sesion-Solemne-de-la-SOMEGEM-800x445.jpg"},"full":{"file":"El-Presidente-Municipal-de-Metepec-quien-acudio-con-su-esposa-Irai-Albarran-Segura-a-la-sesion-Solemne-de-la-SOMEGEM.jpg","width":1280,"height":853,"mime_type":"image\/jpeg","source_url":"https:\/\/www.porlalibreedomex.com\/wp-content\/uploads\/2022\/11\/El-Presidente-Municipal-de-Metepec-quien-acudio-con-su-esposa-Irai-Albarran-Segura-a-la-sesion-Solemne-de-la-SOMEGEM.jpg"}},"image_meta":{"aperture":"0","credit":"","camera":"","caption":"","created_timestamp":"0","copyright":"","focal_length":"0","iso":"0","shutter_speed":"0","title":"","orientation":"0","keywords":[]}},"post":62436,"source_url":"https:\/\/www.porlalibreedomex.com\/wp-content\/uploads\/2022\/11\/El-Presidente-Municipal-de-Metepec-quien-acudio-con-su-esposa-Irai-Albarran-Segura-a-la-sesion-Solemne-de-la-SOMEGEM.jpg","_links":{"self":[{"href":"https:\/\/www.porlalibreedomex.com\/index.php?rest_route=\/wp\/v2\/media\/62438","targetHints":{"allow":["GET"]}}],"collection":[{"href":"https:\/\/www.porlalibreedomex.com\/index.php?rest_route=\/wp\/v2\/media"}],"about":[{"href":"https:\/\/www.porlalibreedomex.com\/index.php?rest_route=\/wp\/v2\/types\/attachment"}],"author":[{"embeddable":true,"href":"https:\/\/www.porlalibreedomex.com\/index.php?rest_route=\/wp\/v2\/users\/3"}],"replies":[{"embeddable":true,"href":"https:\/\/www.porlalibreedomex.com\/index.php?rest_route=%2Fwp%2Fv2%2Fcomments&post=62438"}],"wp:attached-to":[{"embeddable":true,"post_type":"post","id":62436,"href":"https:\/\/www.porlalibreedomex.com\/index.php?rest_route=\/wp\/v2\/posts\/62436"}],"curies":[{"name":"wp","href":"https:\/\/api.w.org\/{rel}","templated":true}]}}

El Presidente Municipal de Metepec, quien acudió con su esposa, Iraí Albarrán Segura, a la sesión Solemne de la SOMEGEM,

<p>El Presidente Municipal de Metepec, quien acudió con su esposa, Iraí Albarrán Segura, a la sesión Solemne de la SOMEGEM,</p>
