{"id":53767,"date":"2021-10-02T00:54:05","date_gmt":"2021-10-02T05:54:05","guid":{"rendered":"https:\/\/www.porlalibreedomex.com\/wp-content\/uploads\/2021\/10\/VEHICULO-RECUPERADO-POR-LOS-ELEMENTOS-DE-LA-SECRETARIA-DE-SEGURIDAD-DEL-ESTADO-DE-MEXICO.jpeg"},"modified":"2021-10-02T00:54:05","modified_gmt":"2021-10-02T05:54:05","slug":"vehiculo-recuperado-por-los-elementos-de-la-secretaria-de-seguridad-del-estado-de-mexico","status":"inherit","type":"attachment","link":"https:\/\/www.porlalibreedomex.com\/?attachment_id=53767","title":{"rendered":"VEH\u00cdCULO RECUPERADO POR LOS ELEMENTOS DE LA SECRETAR\u00cdA DE SEGURIDAD DEL ESTADO DE M\u00c9XICO"},"author":3,"featured_media":0,"comment_status":"open","ping_status":"closed","template":"","meta":[],"class_list":["post-53767","attachment","type-attachment","status-inherit"],"description":{"rendered":"<p class=\"attachment\"><a href='https:\/\/www.porlalibreedomex.com\/wp-content\/uploads\/2021\/10\/VEHICULO-RECUPERADO-POR-LOS-ELEMENTOS-DE-LA-SECRETARIA-DE-SEGURIDAD-DEL-ESTADO-DE-MEXICO.jpeg'><img loading=\"lazy\" decoding=\"async\" width=\"300\" height=\"270\" src=\"https:\/\/www.porlalibreedomex.com\/wp-content\/uploads\/2021\/10\/VEHICULO-RECUPERADO-POR-LOS-ELEMENTOS-DE-LA-SECRETARIA-DE-SEGURIDAD-DEL-ESTADO-DE-MEXICO-300x270.jpeg\" class=\"attachment-medium size-medium\" alt=\"\" srcset=\"https:\/\/www.porlalibreedomex.com\/wp-content\/uploads\/2021\/10\/VEHICULO-RECUPERADO-POR-LOS-ELEMENTOS-DE-LA-SECRETARIA-DE-SEGURIDAD-DEL-ESTADO-DE-MEXICO-300x270.jpeg 300w, https:\/\/www.porlalibreedomex.com\/wp-content\/uploads\/2021\/10\/VEHICULO-RECUPERADO-POR-LOS-ELEMENTOS-DE-LA-SECRETARIA-DE-SEGURIDAD-DEL-ESTADO-DE-MEXICO-1024x922.jpeg 1024w, https:\/\/www.porlalibreedomex.com\/wp-content\/uploads\/2021\/10\/VEHICULO-RECUPERADO-POR-LOS-ELEMENTOS-DE-LA-SECRETARIA-DE-SEGURIDAD-DEL-ESTADO-DE-MEXICO-768x692.jpeg 768w, https:\/\/www.porlalibreedomex.com\/wp-content\/uploads\/2021\/10\/VEHICULO-RECUPERADO-POR-LOS-ELEMENTOS-DE-LA-SECRETARIA-DE-SEGURIDAD-DEL-ESTADO-DE-MEXICO.jpeg 1280w\" sizes=\"auto, (max-width: 300px) 100vw, 300px\" \/><\/a><\/p>\n"},"caption":{"rendered":""},"alt_text":"","media_type":"image","mime_type":"image\/jpeg","media_details":{"width":1280,"height":1153,"file":"2021\/10\/VEHICULO-RECUPERADO-POR-LOS-ELEMENTOS-DE-LA-SECRETARIA-DE-SEGURIDAD-DEL-ESTADO-DE-MEXICO.jpeg","sizes":{"medium":{"file":"VEHICULO-RECUPERADO-POR-LOS-ELEMENTOS-DE-LA-SECRETARIA-DE-SEGURIDAD-DEL-ESTADO-DE-MEXICO-300x270.jpeg","width":300,"height":270,"mime_type":"image\/jpeg","source_url":"https:\/\/www.porlalibreedomex.com\/wp-content\/uploads\/2021\/10\/VEHICULO-RECUPERADO-POR-LOS-ELEMENTOS-DE-LA-SECRETARIA-DE-SEGURIDAD-DEL-ESTADO-DE-MEXICO-300x270.jpeg"},"large":{"file":"VEHICULO-RECUPERADO-POR-LOS-ELEMENTOS-DE-LA-SECRETARIA-DE-SEGURIDAD-DEL-ESTADO-DE-MEXICO-1024x922.jpeg","width":1024,"height":922,"mime_type":"image\/jpeg","source_url":"https:\/\/www.porlalibreedomex.com\/wp-content\/uploads\/2021\/10\/VEHICULO-RECUPERADO-POR-LOS-ELEMENTOS-DE-LA-SECRETARIA-DE-SEGURIDAD-DEL-ESTADO-DE-MEXICO-1024x922.jpeg"},"thumbnail":{"file":"VEHICULO-RECUPERADO-POR-LOS-ELEMENTOS-DE-LA-SECRETARIA-DE-SEGURIDAD-DEL-ESTADO-DE-MEXICO-150x150.jpeg","width":150,"height":150,"mime_type":"image\/jpeg","source_url":"https:\/\/www.porlalibreedomex.com\/wp-content\/uploads\/2021\/10\/VEHICULO-RECUPERADO-POR-LOS-ELEMENTOS-DE-LA-SECRETARIA-DE-SEGURIDAD-DEL-ESTADO-DE-MEXICO-150x150.jpeg"},"medium_large":{"file":"VEHICULO-RECUPERADO-POR-LOS-ELEMENTOS-DE-LA-SECRETARIA-DE-SEGURIDAD-DEL-ESTADO-DE-MEXICO-768x692.jpeg","width":768,"height":692,"mime_type":"image\/jpeg","source_url":"https:\/\/www.porlalibreedomex.com\/wp-content\/uploads\/2021\/10\/VEHICULO-RECUPERADO-POR-LOS-ELEMENTOS-DE-LA-SECRETARIA-DE-SEGURIDAD-DEL-ESTADO-DE-MEXICO-768x692.jpeg"},"colormag-highlighted-post":{"file":"VEHICULO-RECUPERADO-POR-LOS-ELEMENTOS-DE-LA-SECRETARIA-DE-SEGURIDAD-DEL-ESTADO-DE-MEXICO-392x272.jpeg","width":392,"height":272,"mime_type":"image\/jpeg","source_url":"https:\/\/www.porlalibreedomex.com\/wp-content\/uploads\/2021\/10\/VEHICULO-RECUPERADO-POR-LOS-ELEMENTOS-DE-LA-SECRETARIA-DE-SEGURIDAD-DEL-ESTADO-DE-MEXICO-392x272.jpeg"},"colormag-featured-post-medium":{"file":"VEHICULO-RECUPERADO-POR-LOS-ELEMENTOS-DE-LA-SECRETARIA-DE-SEGURIDAD-DEL-ESTADO-DE-MEXICO-390x205.jpeg","width":390,"height":205,"mime_type":"image\/jpeg","source_url":"https:\/\/www.porlalibreedomex.com\/wp-content\/uploads\/2021\/10\/VEHICULO-RECUPERADO-POR-LOS-ELEMENTOS-DE-LA-SECRETARIA-DE-SEGURIDAD-DEL-ESTADO-DE-MEXICO-390x205.jpeg"},"colormag-featured-post-small":{"file":"VEHICULO-RECUPERADO-POR-LOS-ELEMENTOS-DE-LA-SECRETARIA-DE-SEGURIDAD-DEL-ESTADO-DE-MEXICO-130x90.jpeg","width":130,"height":90,"mime_type":"image\/jpeg","source_url":"https:\/\/www.porlalibreedomex.com\/wp-content\/uploads\/2021\/10\/VEHICULO-RECUPERADO-POR-LOS-ELEMENTOS-DE-LA-SECRETARIA-DE-SEGURIDAD-DEL-ESTADO-DE-MEXICO-130x90.jpeg"},"colormag-featured-image":{"file":"VEHICULO-RECUPERADO-POR-LOS-ELEMENTOS-DE-LA-SECRETARIA-DE-SEGURIDAD-DEL-ESTADO-DE-MEXICO-800x445.jpeg","width":800,"height":445,"mime_type":"image\/jpeg","source_url":"https:\/\/www.porlalibreedomex.com\/wp-content\/uploads\/2021\/10\/VEHICULO-RECUPERADO-POR-LOS-ELEMENTOS-DE-LA-SECRETARIA-DE-SEGURIDAD-DEL-ESTADO-DE-MEXICO-800x445.jpeg"},"full":{"file":"VEHICULO-RECUPERADO-POR-LOS-ELEMENTOS-DE-LA-SECRETARIA-DE-SEGURIDAD-DEL-ESTADO-DE-MEXICO.jpeg","width":1280,"height":1153,"mime_type":"image\/jpeg","source_url":"https:\/\/www.porlalibreedomex.com\/wp-content\/uploads\/2021\/10\/VEHICULO-RECUPERADO-POR-LOS-ELEMENTOS-DE-LA-SECRETARIA-DE-SEGURIDAD-DEL-ESTADO-DE-MEXICO.jpeg"}},"image_meta":{"aperture":"0","credit":"","camera":"","caption":"","created_timestamp":"0","copyright":"","focal_length":"0","iso":"0","shutter_speed":"0","title":"","orientation":"0","keywords":[]}},"post":53763,"source_url":"https:\/\/www.porlalibreedomex.com\/wp-content\/uploads\/2021\/10\/VEHICULO-RECUPERADO-POR-LOS-ELEMENTOS-DE-LA-SECRETARIA-DE-SEGURIDAD-DEL-ESTADO-DE-MEXICO.jpeg","_links":{"self":[{"href":"https:\/\/www.porlalibreedomex.com\/index.php?rest_route=\/wp\/v2\/media\/53767","targetHints":{"allow":["GET"]}}],"collection":[{"href":"https:\/\/www.porlalibreedomex.com\/index.php?rest_route=\/wp\/v2\/media"}],"about":[{"href":"https:\/\/www.porlalibreedomex.com\/index.php?rest_route=\/wp\/v2\/types\/attachment"}],"author":[{"embeddable":true,"href":"https:\/\/www.porlalibreedomex.com\/index.php?rest_route=\/wp\/v2\/users\/3"}],"replies":[{"embeddable":true,"href":"https:\/\/www.porlalibreedomex.com\/index.php?rest_route=%2Fwp%2Fv2%2Fcomments&post=53767"}],"wp:attached-to":[{"embeddable":true,"post_type":"post","id":53763,"href":"https:\/\/www.porlalibreedomex.com\/index.php?rest_route=\/wp\/v2\/posts\/53763"}],"curies":[{"name":"wp","href":"https:\/\/api.w.org\/{rel}","templated":true}]}}

VEHÍCULO RECUPERADO POR LOS ELEMENTOS DE LA SECRETARÍA DE SEGURIDAD DEL ESTADO DE MÉXICO
