{"id":24498,"date":"2018-07-31T00:13:01","date_gmt":"2018-07-31T05:13:01","guid":{"rendered":"http:\/\/www.porlalibreedomex.com\/wp-content\/uploads\/2018\/07\/Metepec-M\u00e9xico.-Ganadores-del-Certamen-Nacional-de-Cer\u00e1mica.jpg"},"modified":"2018-07-31T00:13:01","modified_gmt":"2018-07-31T05:13:01","slug":"metepec-mexico-ganadores-del-certamen-nacional-de-ceramica","status":"inherit","type":"attachment","link":"https:\/\/www.porlalibreedomex.com\/?attachment_id=24498","title":{"rendered":"Metepec, M\u00e9xico. Ganadores del Certamen Nacional de Cer\u00e1mica"},"author":3,"featured_media":0,"comment_status":"open","ping_status":"closed","template":"","meta":[],"class_list":["post-24498","attachment","type-attachment","status-inherit"],"description":{"rendered":"<p class=\"attachment\"><a href='https:\/\/www.porlalibreedomex.com\/wp-content\/uploads\/2018\/07\/Metepec-M\u00e9xico.-Ganadores-del-Certamen-Nacional-de-Cer\u00e1mica.jpg'><img loading=\"lazy\" decoding=\"async\" width=\"300\" height=\"169\" src=\"https:\/\/www.porlalibreedomex.com\/wp-content\/uploads\/2018\/07\/Metepec-M\u00e9xico.-Ganadores-del-Certamen-Nacional-de-Cer\u00e1mica-300x169.jpg\" class=\"attachment-medium size-medium\" alt=\"\" srcset=\"https:\/\/www.porlalibreedomex.com\/wp-content\/uploads\/2018\/07\/Metepec-M\u00e9xico.-Ganadores-del-Certamen-Nacional-de-Cer\u00e1mica-300x169.jpg 300w, https:\/\/www.porlalibreedomex.com\/wp-content\/uploads\/2018\/07\/Metepec-M\u00e9xico.-Ganadores-del-Certamen-Nacional-de-Cer\u00e1mica-768x432.jpg 768w, https:\/\/www.porlalibreedomex.com\/wp-content\/uploads\/2018\/07\/Metepec-M\u00e9xico.-Ganadores-del-Certamen-Nacional-de-Cer\u00e1mica.jpg 800w\" sizes=\"auto, (max-width: 300px) 100vw, 300px\" \/><\/a><\/p>\n"},"caption":{"rendered":""},"alt_text":"","media_type":"image","mime_type":"image\/jpeg","media_details":{"width":800,"height":450,"file":"2018\/07\/Metepec-M\u00e9xico.-Ganadores-del-Certamen-Nacional-de-Cer\u00e1mica.jpg","sizes":{"thumbnail":{"file":"Metepec-M\u00e9xico.-Ganadores-del-Certamen-Nacional-de-Cer\u00e1mica-150x150.jpg","width":150,"height":150,"mime_type":"image\/jpeg","source_url":"https:\/\/www.porlalibreedomex.com\/wp-content\/uploads\/2018\/07\/Metepec-M\u00e9xico.-Ganadores-del-Certamen-Nacional-de-Cer\u00e1mica-150x150.jpg"},"medium":{"file":"Metepec-M\u00e9xico.-Ganadores-del-Certamen-Nacional-de-Cer\u00e1mica-300x169.jpg","width":300,"height":169,"mime_type":"image\/jpeg","source_url":"https:\/\/www.porlalibreedomex.com\/wp-content\/uploads\/2018\/07\/Metepec-M\u00e9xico.-Ganadores-del-Certamen-Nacional-de-Cer\u00e1mica-300x169.jpg"},"medium_large":{"file":"Metepec-M\u00e9xico.-Ganadores-del-Certamen-Nacional-de-Cer\u00e1mica-768x432.jpg","width":768,"height":432,"mime_type":"image\/jpeg","source_url":"https:\/\/www.porlalibreedomex.com\/wp-content\/uploads\/2018\/07\/Metepec-M\u00e9xico.-Ganadores-del-Certamen-Nacional-de-Cer\u00e1mica-768x432.jpg"},"colormag-highlighted-post":{"file":"Metepec-M\u00e9xico.-Ganadores-del-Certamen-Nacional-de-Cer\u00e1mica-392x272.jpg","width":392,"height":272,"mime_type":"image\/jpeg","source_url":"https:\/\/www.porlalibreedomex.com\/wp-content\/uploads\/2018\/07\/Metepec-M\u00e9xico.-Ganadores-del-Certamen-Nacional-de-Cer\u00e1mica-392x272.jpg"},"colormag-featured-post-medium":{"file":"Metepec-M\u00e9xico.-Ganadores-del-Certamen-Nacional-de-Cer\u00e1mica-390x205.jpg","width":390,"height":205,"mime_type":"image\/jpeg","source_url":"https:\/\/www.porlalibreedomex.com\/wp-content\/uploads\/2018\/07\/Metepec-M\u00e9xico.-Ganadores-del-Certamen-Nacional-de-Cer\u00e1mica-390x205.jpg"},"colormag-featured-post-small":{"file":"Metepec-M\u00e9xico.-Ganadores-del-Certamen-Nacional-de-Cer\u00e1mica-130x90.jpg","width":130,"height":90,"mime_type":"image\/jpeg","source_url":"https:\/\/www.porlalibreedomex.com\/wp-content\/uploads\/2018\/07\/Metepec-M\u00e9xico.-Ganadores-del-Certamen-Nacional-de-Cer\u00e1mica-130x90.jpg"},"colormag-featured-image":{"file":"Metepec-M\u00e9xico.-Ganadores-del-Certamen-Nacional-de-Cer\u00e1mica-800x445.jpg","width":800,"height":445,"mime_type":"image\/jpeg","source_url":"https:\/\/www.porlalibreedomex.com\/wp-content\/uploads\/2018\/07\/Metepec-M\u00e9xico.-Ganadores-del-Certamen-Nacional-de-Cer\u00e1mica-800x445.jpg"},"full":{"file":"Metepec-M\u00e9xico.-Ganadores-del-Certamen-Nacional-de-Cer\u00e1mica.jpg","width":800,"height":450,"mime_type":"image\/jpeg","source_url":"https:\/\/www.porlalibreedomex.com\/wp-content\/uploads\/2018\/07\/Metepec-M\u00e9xico.-Ganadores-del-Certamen-Nacional-de-Cer\u00e1mica.jpg"}},"image_meta":{"aperture":"0","credit":"","camera":"","caption":"","created_timestamp":"0","copyright":"","focal_length":"0","iso":"0","shutter_speed":"0","title":"","orientation":"0","keywords":[]}},"post":24496,"source_url":"https:\/\/www.porlalibreedomex.com\/wp-content\/uploads\/2018\/07\/Metepec-M\u00e9xico.-Ganadores-del-Certamen-Nacional-de-Cer\u00e1mica.jpg","_links":{"self":[{"href":"https:\/\/www.porlalibreedomex.com\/index.php?rest_route=\/wp\/v2\/media\/24498","targetHints":{"allow":["GET"]}}],"collection":[{"href":"https:\/\/www.porlalibreedomex.com\/index.php?rest_route=\/wp\/v2\/media"}],"about":[{"href":"https:\/\/www.porlalibreedomex.com\/index.php?rest_route=\/wp\/v2\/types\/attachment"}],"author":[{"embeddable":true,"href":"https:\/\/www.porlalibreedomex.com\/index.php?rest_route=\/wp\/v2\/users\/3"}],"replies":[{"embeddable":true,"href":"https:\/\/www.porlalibreedomex.com\/index.php?rest_route=%2Fwp%2Fv2%2Fcomments&post=24498"}],"wp:attached-to":[{"embeddable":true,"post_type":"post","id":24496,"href":"https:\/\/www.porlalibreedomex.com\/index.php?rest_route=\/wp\/v2\/posts\/24496"}],"curies":[{"name":"wp","href":"https:\/\/api.w.org\/{rel}","templated":true}]}}

http://www.porlalibreedomex.com/wp-content/uploads/2018/07/Metepec-México.-Ganadores-del-Certamen-Nacional-de-Cerámica.jpg

Metepec, México. Ganadores del Certamen Nacional de Cerámica

<p class="attachment"><a href='https://www.porlalibreedomex.com/wp-content/uploads/2018/07/Metepec-México.-Ganadores-del-Certamen-Nacional-de-Cerámica.jpg'><img loading="lazy" decoding="async" width="300" height="169" src="https://www.porlalibreedomex.com/wp-content/uploads/2018/07/Metepec-México.-Ganadores-del-Certamen-Nacional-de-Cerámica-300x169.jpg" class="attachment-medium size-medium" alt="" srcset="https://www.porlalibreedomex.com/wp-content/uploads/2018/07/Metepec-México.-Ganadores-del-Certamen-Nacional-de-Cerámica-300x169.jpg 300w, https://www.porlalibreedomex.com/wp-content/uploads/2018/07/Metepec-México.-Ganadores-del-Certamen-Nacional-de-Cerámica-768x432.jpg 768w, https://www.porlalibreedomex.com/wp-content/uploads/2018/07/Metepec-México.-Ganadores-del-Certamen-Nacional-de-Cerámica.jpg 800w" sizes="auto, (max-width: 300px) 100vw, 300px" /></a></p>

2018/07/Metepec-México.-Ganadores-del-Certamen-Nacional-de-Cerámica.jpg

Metepec-México.-Ganadores-del-Certamen-Nacional-de-Cerámica-150x150.jpg

https://www.porlalibreedomex.com/wp-content/uploads/2018/07/Metepec-México.-Ganadores-del-Certamen-Nacional-de-Cerámica-150x150.jpg

Metepec-México.-Ganadores-del-Certamen-Nacional-de-Cerámica-300x169.jpg

https://www.porlalibreedomex.com/wp-content/uploads/2018/07/Metepec-México.-Ganadores-del-Certamen-Nacional-de-Cerámica-300x169.jpg

Metepec-México.-Ganadores-del-Certamen-Nacional-de-Cerámica-768x432.jpg

https://www.porlalibreedomex.com/wp-content/uploads/2018/07/Metepec-México.-Ganadores-del-Certamen-Nacional-de-Cerámica-768x432.jpg

Metepec-México.-Ganadores-del-Certamen-Nacional-de-Cerámica-392x272.jpg

https://www.porlalibreedomex.com/wp-content/uploads/2018/07/Metepec-México.-Ganadores-del-Certamen-Nacional-de-Cerámica-392x272.jpg

Metepec-México.-Ganadores-del-Certamen-Nacional-de-Cerámica-390x205.jpg

https://www.porlalibreedomex.com/wp-content/uploads/2018/07/Metepec-México.-Ganadores-del-Certamen-Nacional-de-Cerámica-390x205.jpg

Metepec-México.-Ganadores-del-Certamen-Nacional-de-Cerámica-130x90.jpg

https://www.porlalibreedomex.com/wp-content/uploads/2018/07/Metepec-México.-Ganadores-del-Certamen-Nacional-de-Cerámica-130x90.jpg

Metepec-México.-Ganadores-del-Certamen-Nacional-de-Cerámica-800x445.jpg

https://www.porlalibreedomex.com/wp-content/uploads/2018/07/Metepec-México.-Ganadores-del-Certamen-Nacional-de-Cerámica-800x445.jpg

Metepec-México.-Ganadores-del-Certamen-Nacional-de-Cerámica.jpg

https://www.porlalibreedomex.com/wp-content/uploads/2018/07/Metepec-México.-Ganadores-del-Certamen-Nacional-de-Cerámica.jpg
