{"id":19700,"date":"2017-10-09T15:25:46","date_gmt":"2017-10-09T20:25:46","guid":{"rendered":"http:\/\/www.porlalibreedomex.com\/wp-content\/uploads\/2017\/10\/Quimera-Ballet-Folkl\u00f3rico-de-Amalia-Hern\u00e1ndez.jpg"},"modified":"2017-10-09T15:47:32","modified_gmt":"2017-10-09T20:47:32","slug":"quimera-ballet-folklorico-de-amalia-hernandez","status":"inherit","type":"attachment","link":"https:\/\/www.porlalibreedomex.com\/?attachment_id=19700","title":{"rendered":"Quimera-Ballet Folkl\u00f3rico de Amalia Hern\u00e1ndez"},"author":3,"featured_media":0,"comment_status":"open","ping_status":"closed","template":"","meta":[],"class_list":["post-19700","attachment","type-attachment","status-inherit"],"description":{"rendered":"<p class=\"attachment\"><a href='https:\/\/www.porlalibreedomex.com\/wp-content\/uploads\/2017\/10\/Quimera-Ballet-Folkl\u00f3rico-de-Amalia-Hern\u00e1ndez.jpg'><img loading=\"lazy\" decoding=\"async\" width=\"300\" height=\"200\" src=\"https:\/\/www.porlalibreedomex.com\/wp-content\/uploads\/2017\/10\/Quimera-Ballet-Folkl\u00f3rico-de-Amalia-Hern\u00e1ndez-300x200.jpg\" class=\"attachment-medium size-medium\" alt=\"\" srcset=\"https:\/\/www.porlalibreedomex.com\/wp-content\/uploads\/2017\/10\/Quimera-Ballet-Folkl\u00f3rico-de-Amalia-Hern\u00e1ndez-300x200.jpg 300w, https:\/\/www.porlalibreedomex.com\/wp-content\/uploads\/2017\/10\/Quimera-Ballet-Folkl\u00f3rico-de-Amalia-Hern\u00e1ndez-768x512.jpg 768w, https:\/\/www.porlalibreedomex.com\/wp-content\/uploads\/2017\/10\/Quimera-Ballet-Folkl\u00f3rico-de-Amalia-Hern\u00e1ndez.jpg 800w\" sizes=\"auto, (max-width: 300px) 100vw, 300px\" \/><\/a><\/p>\n"},"caption":{"rendered":"<p>Ballet Folkl\u00f3rico de Amalia Hern\u00e1ndez, en Quimera 2017<\/p>\n"},"alt_text":"","media_type":"image","mime_type":"image\/jpeg","media_details":{"width":800,"height":533,"file":"2017\/10\/Quimera-Ballet-Folkl\u00f3rico-de-Amalia-Hern\u00e1ndez.jpg","sizes":{"thumbnail":{"file":"Quimera-Ballet-Folkl\u00f3rico-de-Amalia-Hern\u00e1ndez-150x150.jpg","width":150,"height":150,"mime_type":"image\/jpeg","source_url":"https:\/\/www.porlalibreedomex.com\/wp-content\/uploads\/2017\/10\/Quimera-Ballet-Folkl\u00f3rico-de-Amalia-Hern\u00e1ndez-150x150.jpg"},"medium":{"file":"Quimera-Ballet-Folkl\u00f3rico-de-Amalia-Hern\u00e1ndez-300x200.jpg","width":300,"height":200,"mime_type":"image\/jpeg","source_url":"https:\/\/www.porlalibreedomex.com\/wp-content\/uploads\/2017\/10\/Quimera-Ballet-Folkl\u00f3rico-de-Amalia-Hern\u00e1ndez-300x200.jpg"},"medium_large":{"file":"Quimera-Ballet-Folkl\u00f3rico-de-Amalia-Hern\u00e1ndez-768x512.jpg","width":768,"height":512,"mime_type":"image\/jpeg","source_url":"https:\/\/www.porlalibreedomex.com\/wp-content\/uploads\/2017\/10\/Quimera-Ballet-Folkl\u00f3rico-de-Amalia-Hern\u00e1ndez-768x512.jpg"},"colormag-highlighted-post":{"file":"Quimera-Ballet-Folkl\u00f3rico-de-Amalia-Hern\u00e1ndez-392x272.jpg","width":392,"height":272,"mime_type":"image\/jpeg","source_url":"https:\/\/www.porlalibreedomex.com\/wp-content\/uploads\/2017\/10\/Quimera-Ballet-Folkl\u00f3rico-de-Amalia-Hern\u00e1ndez-392x272.jpg"},"colormag-featured-post-medium":{"file":"Quimera-Ballet-Folkl\u00f3rico-de-Amalia-Hern\u00e1ndez-390x205.jpg","width":390,"height":205,"mime_type":"image\/jpeg","source_url":"https:\/\/www.porlalibreedomex.com\/wp-content\/uploads\/2017\/10\/Quimera-Ballet-Folkl\u00f3rico-de-Amalia-Hern\u00e1ndez-390x205.jpg"},"colormag-featured-post-small":{"file":"Quimera-Ballet-Folkl\u00f3rico-de-Amalia-Hern\u00e1ndez-130x90.jpg","width":130,"height":90,"mime_type":"image\/jpeg","source_url":"https:\/\/www.porlalibreedomex.com\/wp-content\/uploads\/2017\/10\/Quimera-Ballet-Folkl\u00f3rico-de-Amalia-Hern\u00e1ndez-130x90.jpg"},"colormag-featured-image":{"file":"Quimera-Ballet-Folkl\u00f3rico-de-Amalia-Hern\u00e1ndez-800x445.jpg","width":800,"height":445,"mime_type":"image\/jpeg","source_url":"https:\/\/www.porlalibreedomex.com\/wp-content\/uploads\/2017\/10\/Quimera-Ballet-Folkl\u00f3rico-de-Amalia-Hern\u00e1ndez-800x445.jpg"},"full":{"file":"Quimera-Ballet-Folkl\u00f3rico-de-Amalia-Hern\u00e1ndez.jpg","width":800,"height":533,"mime_type":"image\/jpeg","source_url":"https:\/\/www.porlalibreedomex.com\/wp-content\/uploads\/2017\/10\/Quimera-Ballet-Folkl\u00f3rico-de-Amalia-Hern\u00e1ndez.jpg"}},"image_meta":{"aperture":"0","credit":"","camera":"","caption":"","created_timestamp":"0","copyright":"","focal_length":"0","iso":"0","shutter_speed":"0","title":"","orientation":"0","keywords":[]}},"post":19699,"source_url":"https:\/\/www.porlalibreedomex.com\/wp-content\/uploads\/2017\/10\/Quimera-Ballet-Folkl\u00f3rico-de-Amalia-Hern\u00e1ndez.jpg","_links":{"self":[{"href":"https:\/\/www.porlalibreedomex.com\/index.php?rest_route=\/wp\/v2\/media\/19700","targetHints":{"allow":["GET"]}}],"collection":[{"href":"https:\/\/www.porlalibreedomex.com\/index.php?rest_route=\/wp\/v2\/media"}],"about":[{"href":"https:\/\/www.porlalibreedomex.com\/index.php?rest_route=\/wp\/v2\/types\/attachment"}],"author":[{"embeddable":true,"href":"https:\/\/www.porlalibreedomex.com\/index.php?rest_route=\/wp\/v2\/users\/3"}],"replies":[{"embeddable":true,"href":"https:\/\/www.porlalibreedomex.com\/index.php?rest_route=%2Fwp%2Fv2%2Fcomments&post=19700"}],"wp:attached-to":[{"embeddable":true,"post_type":"post","id":19699,"href":"https:\/\/www.porlalibreedomex.com\/index.php?rest_route=\/wp\/v2\/posts\/19699"}],"curies":[{"name":"wp","href":"https:\/\/api.w.org\/{rel}","templated":true}]}}

http://www.porlalibreedomex.com/wp-content/uploads/2017/10/Quimera-Ballet-Folklórico-de-Amalia-Hernández.jpg

Quimera-Ballet Folklórico de Amalia Hernández

<p class="attachment"><a href='https://www.porlalibreedomex.com/wp-content/uploads/2017/10/Quimera-Ballet-Folklórico-de-Amalia-Hernández.jpg'><img loading="lazy" decoding="async" width="300" height="200" src="https://www.porlalibreedomex.com/wp-content/uploads/2017/10/Quimera-Ballet-Folklórico-de-Amalia-Hernández-300x200.jpg" class="attachment-medium size-medium" alt="" srcset="https://www.porlalibreedomex.com/wp-content/uploads/2017/10/Quimera-Ballet-Folklórico-de-Amalia-Hernández-300x200.jpg 300w, https://www.porlalibreedomex.com/wp-content/uploads/2017/10/Quimera-Ballet-Folklórico-de-Amalia-Hernández-768x512.jpg 768w, https://www.porlalibreedomex.com/wp-content/uploads/2017/10/Quimera-Ballet-Folklórico-de-Amalia-Hernández.jpg 800w" sizes="auto, (max-width: 300px) 100vw, 300px" /></a></p>

<p>Ballet Folklórico de Amalia Hernández, en Quimera 2017</p>

2017/10/Quimera-Ballet-Folklórico-de-Amalia-Hernández.jpg

Quimera-Ballet-Folklórico-de-Amalia-Hernández-150x150.jpg

https://www.porlalibreedomex.com/wp-content/uploads/2017/10/Quimera-Ballet-Folklórico-de-Amalia-Hernández-150x150.jpg

Quimera-Ballet-Folklórico-de-Amalia-Hernández-300x200.jpg

https://www.porlalibreedomex.com/wp-content/uploads/2017/10/Quimera-Ballet-Folklórico-de-Amalia-Hernández-300x200.jpg

Quimera-Ballet-Folklórico-de-Amalia-Hernández-768x512.jpg

https://www.porlalibreedomex.com/wp-content/uploads/2017/10/Quimera-Ballet-Folklórico-de-Amalia-Hernández-768x512.jpg

Quimera-Ballet-Folklórico-de-Amalia-Hernández-392x272.jpg

https://www.porlalibreedomex.com/wp-content/uploads/2017/10/Quimera-Ballet-Folklórico-de-Amalia-Hernández-392x272.jpg

Quimera-Ballet-Folklórico-de-Amalia-Hernández-390x205.jpg

https://www.porlalibreedomex.com/wp-content/uploads/2017/10/Quimera-Ballet-Folklórico-de-Amalia-Hernández-390x205.jpg

Quimera-Ballet-Folklórico-de-Amalia-Hernández-130x90.jpg

https://www.porlalibreedomex.com/wp-content/uploads/2017/10/Quimera-Ballet-Folklórico-de-Amalia-Hernández-130x90.jpg

Quimera-Ballet-Folklórico-de-Amalia-Hernández-800x445.jpg

https://www.porlalibreedomex.com/wp-content/uploads/2017/10/Quimera-Ballet-Folklórico-de-Amalia-Hernández-800x445.jpg

Quimera-Ballet-Folklórico-de-Amalia-Hernández.jpg

https://www.porlalibreedomex.com/wp-content/uploads/2017/10/Quimera-Ballet-Folklórico-de-Amalia-Hernández.jpg
