{"id":17415,"date":"2017-05-14T17:52:45","date_gmt":"2017-05-14T22:52:45","guid":{"rendered":"http:\/\/www.porlalibreedomex.com\/wp-content\/uploads\/2017\/05\/RINDE-PROTESTA-EL-NUEVO-RECTOR-DE-LA-UAEM-aLFREDO-BARRERA-BACA.jpg"},"modified":"2017-05-14T17:54:33","modified_gmt":"2017-05-14T22:54:33","slug":"rinde-protesta-el-nuevo-rector-de-la-uaem-alfredo-barrera-baca","status":"inherit","type":"attachment","link":"https:\/\/www.porlalibreedomex.com\/?attachment_id=17415","title":{"rendered":"RINDE PROTESTA EL NUEVO RECTOR DE LA UAEM aLFREDO BARRERA BACA"},"author":3,"featured_media":0,"comment_status":"open","ping_status":"closed","template":"","meta":[],"class_list":["post-17415","attachment","type-attachment","status-inherit"],"description":{"rendered":"<p class=\"attachment\"><a href='https:\/\/www.porlalibreedomex.com\/wp-content\/uploads\/2017\/05\/RINDE-PROTESTA-EL-NUEVO-RECTOR-DE-LA-UAEM-aLFREDO-BARRERA-BACA.jpg'><img loading=\"lazy\" decoding=\"async\" width=\"300\" height=\"199\" src=\"https:\/\/www.porlalibreedomex.com\/wp-content\/uploads\/2017\/05\/RINDE-PROTESTA-EL-NUEVO-RECTOR-DE-LA-UAEM-aLFREDO-BARRERA-BACA-300x199.jpg\" class=\"attachment-medium size-medium\" alt=\"\" srcset=\"https:\/\/www.porlalibreedomex.com\/wp-content\/uploads\/2017\/05\/RINDE-PROTESTA-EL-NUEVO-RECTOR-DE-LA-UAEM-aLFREDO-BARRERA-BACA-300x199.jpg 300w, https:\/\/www.porlalibreedomex.com\/wp-content\/uploads\/2017\/05\/RINDE-PROTESTA-EL-NUEVO-RECTOR-DE-LA-UAEM-aLFREDO-BARRERA-BACA-768x509.jpg 768w, https:\/\/www.porlalibreedomex.com\/wp-content\/uploads\/2017\/05\/RINDE-PROTESTA-EL-NUEVO-RECTOR-DE-LA-UAEM-aLFREDO-BARRERA-BACA.jpg 960w\" sizes=\"auto, (max-width: 300px) 100vw, 300px\" \/><\/a><\/p>\n"},"caption":{"rendered":"<p>NUEVO RECTOR.- Rindi\u00f3 protesta como nuevo rector de la UAEM, el doctor en Educaci\u00f3n y Filosof\u00eda Alfredo Barrera Baca.<\/p>\n"},"alt_text":"","media_type":"image","mime_type":"image\/jpeg","media_details":{"width":960,"height":636,"file":"2017\/05\/RINDE-PROTESTA-EL-NUEVO-RECTOR-DE-LA-UAEM-aLFREDO-BARRERA-BACA.jpg","sizes":{"thumbnail":{"file":"RINDE-PROTESTA-EL-NUEVO-RECTOR-DE-LA-UAEM-aLFREDO-BARRERA-BACA-150x150.jpg","width":150,"height":150,"mime_type":"image\/jpeg","source_url":"https:\/\/www.porlalibreedomex.com\/wp-content\/uploads\/2017\/05\/RINDE-PROTESTA-EL-NUEVO-RECTOR-DE-LA-UAEM-aLFREDO-BARRERA-BACA-150x150.jpg"},"medium":{"file":"RINDE-PROTESTA-EL-NUEVO-RECTOR-DE-LA-UAEM-aLFREDO-BARRERA-BACA-300x199.jpg","width":300,"height":199,"mime_type":"image\/jpeg","source_url":"https:\/\/www.porlalibreedomex.com\/wp-content\/uploads\/2017\/05\/RINDE-PROTESTA-EL-NUEVO-RECTOR-DE-LA-UAEM-aLFREDO-BARRERA-BACA-300x199.jpg"},"medium_large":{"file":"RINDE-PROTESTA-EL-NUEVO-RECTOR-DE-LA-UAEM-aLFREDO-BARRERA-BACA-768x509.jpg","width":768,"height":509,"mime_type":"image\/jpeg","source_url":"https:\/\/www.porlalibreedomex.com\/wp-content\/uploads\/2017\/05\/RINDE-PROTESTA-EL-NUEVO-RECTOR-DE-LA-UAEM-aLFREDO-BARRERA-BACA-768x509.jpg"},"post-thumbnail":{"file":"RINDE-PROTESTA-EL-NUEVO-RECTOR-DE-LA-UAEM-aLFREDO-BARRERA-BACA-220x126.jpg","width":220,"height":126,"mime_type":"image\/jpeg","source_url":"https:\/\/www.porlalibreedomex.com\/wp-content\/uploads\/2017\/05\/RINDE-PROTESTA-EL-NUEVO-RECTOR-DE-LA-UAEM-aLFREDO-BARRERA-BACA-220x126.jpg"},"expound-featured":{"file":"RINDE-PROTESTA-EL-NUEVO-RECTOR-DE-LA-UAEM-aLFREDO-BARRERA-BACA-460x260.jpg","width":460,"height":260,"mime_type":"image\/jpeg","source_url":"https:\/\/www.porlalibreedomex.com\/wp-content\/uploads\/2017\/05\/RINDE-PROTESTA-EL-NUEVO-RECTOR-DE-LA-UAEM-aLFREDO-BARRERA-BACA-460x260.jpg"},"expound-mini":{"file":"RINDE-PROTESTA-EL-NUEVO-RECTOR-DE-LA-UAEM-aLFREDO-BARRERA-BACA-50x50.jpg","width":50,"height":50,"mime_type":"image\/jpeg","source_url":"https:\/\/www.porlalibreedomex.com\/wp-content\/uploads\/2017\/05\/RINDE-PROTESTA-EL-NUEVO-RECTOR-DE-LA-UAEM-aLFREDO-BARRERA-BACA-50x50.jpg"},"full":{"file":"RINDE-PROTESTA-EL-NUEVO-RECTOR-DE-LA-UAEM-aLFREDO-BARRERA-BACA.jpg","width":960,"height":636,"mime_type":"image\/jpeg","source_url":"https:\/\/www.porlalibreedomex.com\/wp-content\/uploads\/2017\/05\/RINDE-PROTESTA-EL-NUEVO-RECTOR-DE-LA-UAEM-aLFREDO-BARRERA-BACA.jpg"}},"image_meta":{"aperture":"0","credit":"","camera":"","caption":"","created_timestamp":"0","copyright":"","focal_length":"0","iso":"0","shutter_speed":"0","title":"","orientation":"0","keywords":[]}},"post":17414,"source_url":"https:\/\/www.porlalibreedomex.com\/wp-content\/uploads\/2017\/05\/RINDE-PROTESTA-EL-NUEVO-RECTOR-DE-LA-UAEM-aLFREDO-BARRERA-BACA.jpg","_links":{"self":[{"href":"https:\/\/www.porlalibreedomex.com\/index.php?rest_route=\/wp\/v2\/media\/17415","targetHints":{"allow":["GET"]}}],"collection":[{"href":"https:\/\/www.porlalibreedomex.com\/index.php?rest_route=\/wp\/v2\/media"}],"about":[{"href":"https:\/\/www.porlalibreedomex.com\/index.php?rest_route=\/wp\/v2\/types\/attachment"}],"author":[{"embeddable":true,"href":"https:\/\/www.porlalibreedomex.com\/index.php?rest_route=\/wp\/v2\/users\/3"}],"replies":[{"embeddable":true,"href":"https:\/\/www.porlalibreedomex.com\/index.php?rest_route=%2Fwp%2Fv2%2Fcomments&post=17415"}],"wp:attached-to":[{"embeddable":true,"post_type":"post","id":17414,"href":"https:\/\/www.porlalibreedomex.com\/index.php?rest_route=\/wp\/v2\/posts\/17414"}],"curies":[{"name":"wp","href":"https:\/\/api.w.org\/{rel}","templated":true}]}}

<p>NUEVO RECTOR.- Rindió protesta como nuevo rector de la UAEM, el doctor en Educación y Filosofía Alfredo Barrera Baca.</p>
